Last updated on 2025-05-04 03:50:56 CEST.
Flavor | Version | Tinstall | Tcheck | Ttotal | Status | Flags |
---|---|---|---|---|---|---|
r-devel-linux-x86_64-debian-clang | 1.9 | 6.11 | 49.01 | 55.12 | NOTE | |
r-devel-linux-x86_64-debian-gcc | 1.9 | 3.98 | 35.73 | 39.71 | NOTE | |
r-devel-linux-x86_64-fedora-clang | 1.9 | 82.43 | NOTE | |||
r-devel-linux-x86_64-fedora-gcc | 1.9 | 82.50 | NOTE | |||
r-devel-windows-x86_64 | 1.9 | 8.00 | 81.00 | 89.00 | OK | |
r-patched-linux-x86_64 | 1.9 | 5.44 | 46.03 | 51.47 | NOTE | |
r-release-linux-x86_64 | NOTE | |||||
r-release-macos-arm64 | 1.9 | 22.00 | OK | |||
r-release-macos-x86_64 | 1.9 | 51.00 | OK | |||
r-release-windows-x86_64 | 1.9 | 7.00 | 71.00 | 78.00 | OK | |
r-oldrel-macos-arm64 | 1.9 | 24.00 | OK | |||
r-oldrel-macos-x86_64 | 1.9 | 39.00 | OK | |||
r-oldrel-windows-x86_64 | 1.9 | 6.00 | 78.00 | 84.00 | OK |
Version: 1.9
Check: CRAN incoming feasibility
Result: NOTE
Maintainer: ‘Andrew Teschendorff <a.teschendorff@ucl.ac.uk>’
No Authors@R field in DESCRIPTION.
Please add one, modifying
Authors@R: c(person(given = c("Andrew", "E"),
family = "Teschendorff",
role = "aut"),
person(given = "Andrew",
family = "Teschendorff",
role = "cre",
email = "a.teschendorff@ucl.ac.uk"))
as necessary.
Flavors: r-devel-linux-x86_64-debian-clang, r-devel-linux-x86_64-debian-gcc
Version: 1.9
Check: for non-standard things in the check directory
Result: NOTE
Found the following files/directories:
‘RMTplot.pdf’
Flavors: r-devel-linux-x86_64-debian-clang, r-devel-linux-x86_64-debian-gcc, r-devel-linux-x86_64-fedora-clang, r-devel-linux-x86_64-fedora-gcc, r-patched-linux-x86_64, r-release-linux-x86_64