Last updated on 2025-10-30 02:49:04 CET.
| Flavor | Version | Tinstall | Tcheck | Ttotal | Status | Flags | 
|---|---|---|---|---|---|---|
| r-devel-linux-x86_64-debian-clang | 0.1.0 | 1.98 | 33.77 | 35.75 | NOTE | |
| r-devel-linux-x86_64-debian-gcc | 0.1.0 | 1.84 | 26.36 | 28.20 | NOTE | |
| r-devel-linux-x86_64-fedora-clang | 0.1.0 | 54.17 | OK | |||
| r-devel-linux-x86_64-fedora-gcc | 0.1.0 | 50.06 | OK | |||
| r-devel-windows-x86_64 | 0.1.0 | 4.00 | 51.00 | 55.00 | OK | |
| r-patched-linux-x86_64 | 0.1.0 | 2.33 | 31.50 | 33.83 | OK | |
| r-release-linux-x86_64 | 0.1.0 | 2.27 | 31.29 | 33.56 | OK | |
| r-release-macos-arm64 | 0.1.0 | 1.00 | 28.00 | 29.00 | OK | |
| r-release-macos-x86_64 | 0.1.0 | 2.00 | 36.00 | 38.00 | OK | |
| r-release-windows-x86_64 | 0.1.0 | 5.00 | 53.00 | 58.00 | OK | |
| r-oldrel-macos-arm64 | 0.1.0 | 2.00 | 23.00 | 25.00 | NOTE | |
| r-oldrel-macos-x86_64 | 0.1.0 | 2.00 | 30.00 | 32.00 | NOTE | |
| r-oldrel-windows-x86_64 | 0.1.0 | 5.00 | 61.00 | 66.00 | NOTE | 
Version: 0.1.0
Check: CRAN incoming feasibility
Result: NOTE
  Maintainer: ‘Bo Zhang <bozhan@wharton.upenn.edu>’
  
  No Authors@R field in DESCRIPTION.
  Please add one, modifying
    Authors@R: person(given = "Bo",
                      family = "Zhang",
                      role = c("aut", "cre"),
                      email = "bozhan@wharton.upenn.edu")
  as necessary.
  
  The Description field contains
    identification assumptions. Please refer to <arXiv:2002.02579> for more
  Please refer to arXiv e-prints via their arXiv DOI <doi:10.48550/arXiv.YYMM.NNNNN>.
Flavors: r-devel-linux-x86_64-debian-clang, r-devel-linux-x86_64-debian-gcc
Version: 0.1.0
Check: package dependencies
Result: NOTE
  Package suggested but not available for checking: ‘locClass’
Flavors: r-oldrel-macos-arm64, r-oldrel-macos-x86_64, r-oldrel-windows-x86_64