Last updated on 2025-05-04 03:50:56 CEST.
Flavor | Version | Tinstall | Tcheck | Ttotal | Status | Flags |
---|---|---|---|---|---|---|
r-devel-linux-x86_64-debian-clang | 1.1.1 | 3.31 | 27.87 | 31.18 | NOTE | |
r-devel-linux-x86_64-debian-gcc | 1.1.1 | 2.51 | 21.40 | 23.91 | NOTE | |
r-devel-linux-x86_64-fedora-clang | 1.1.1 | 48.49 | OK | |||
r-devel-linux-x86_64-fedora-gcc | 1.1.1 | 47.65 | OK | |||
r-devel-windows-x86_64 | 1.1.1 | 5.00 | 57.00 | 62.00 | OK | |
r-patched-linux-x86_64 | 1.1.1 | 3.26 | 26.83 | 30.09 | OK | |
r-release-linux-x86_64 | OK | |||||
r-release-macos-arm64 | 1.1.1 | 19.00 | OK | |||
r-release-macos-x86_64 | 1.1.1 | 47.00 | OK | |||
r-release-windows-x86_64 | 1.1.1 | 4.00 | 47.00 | 51.00 | OK | |
r-oldrel-macos-arm64 | 1.1.1 | 20.00 | OK | |||
r-oldrel-macos-x86_64 | 1.1.1 | 28.00 | OK | |||
r-oldrel-windows-x86_64 | 1.1.1 | 5.00 | 54.00 | 59.00 | OK |
Version: 1.1.1
Check: CRAN incoming feasibility
Result: NOTE
Maintainer: ‘Beilun Wang <bw4mw@virginia.edu>’
The Description field contains
<arXiv:1806.00548>.
Please refer to arXiv e-prints via their arXiv DOI <doi:10.48550/arXiv.YYMM.NNNNN>.
The BugReports field in DESCRIPTION has
https://github.com/QData/jeek
which should likely be
https://github.com/QData/jeek/issues
instead.
Flavors: r-devel-linux-x86_64-debian-clang, r-devel-linux-x86_64-debian-gcc