Last updated on 2025-05-06 03:51:05 CEST.
Flavor | Version | Tinstall | Tcheck | Ttotal | Status | Flags |
---|---|---|---|---|---|---|
r-devel-linux-x86_64-debian-clang | 3.4.0 | 18.40 | 159.35 | 177.75 | NOTE | |
r-devel-linux-x86_64-debian-gcc | 3.4.0 | 13.90 | 116.94 | 130.84 | NOTE | |
r-devel-linux-x86_64-fedora-clang | 3.4.0 | 300.14 | OK | |||
r-devel-linux-x86_64-fedora-gcc | 3.4.0 | 276.32 | OK | |||
r-devel-windows-x86_64 | 3.4.0 | 15.00 | 146.00 | 161.00 | OK | |
r-patched-linux-x86_64 | 3.4.0 | 15.38 | 149.39 | 164.77 | OK | |
r-release-linux-x86_64 | 3.4.0 | 17.15 | 147.13 | 164.28 | OK | |
r-release-macos-arm64 | 3.4.0 | 12.00 | ERROR | |||
r-release-macos-x86_64 | 3.4.0 | 179.00 | OK | |||
r-release-windows-x86_64 | 3.4.0 | 17.00 | 154.00 | 171.00 | OK | |
r-oldrel-macos-arm64 | 3.4.0 | 74.00 | OK | |||
r-oldrel-macos-x86_64 | 3.4.0 | 117.00 | OK | |||
r-oldrel-windows-x86_64 | 3.4.0 | 17.00 | 149.00 | 166.00 | OK |
Version: 3.4.0
Check: CRAN incoming feasibility
Result: NOTE
Maintainer: ‘Aron Eklund <eklund@cbs.dtu.dk>’
No Authors@R field in DESCRIPTION.
Please add one, modifying
Authors@R: c(person(given = "Qiyuan",
family = "Li",
role = "aut"),
person(given = "Aron",
family = "Eklund",
role = c("aut", "cre"),
email = "eklund@cbs.dtu.dk"))
as necessary.
Package CITATION file contains call(s) to old-style personList() or
as.personList(). Please use c() on person objects instead.
Flavors: r-devel-linux-x86_64-debian-clang, r-devel-linux-x86_64-debian-gcc
Version: 3.4.0
Check: package dependencies
Result: ERROR
Package required but not available: ‘org.Hs.eg.db’
See section ‘The DESCRIPTION file’ in the ‘Writing R Extensions’
manual.
Flavor: r-release-macos-arm64