CRAN Package Check Results for Package just.install

Last updated on 2025-05-06 03:51:06 CEST.

Flavor Version Tinstall Tcheck Ttotal Status Flags
r-devel-linux-x86_64-debian-clang 1.0.2 3.67 34.75 38.42 NOTE
r-devel-linux-x86_64-debian-gcc 1.0.2 2.74 25.62 28.36 NOTE
r-devel-linux-x86_64-fedora-clang 1.0.2 60.33 NOTE
r-devel-linux-x86_64-fedora-gcc 1.0.2 71.67 NOTE
r-devel-windows-x86_64 1.0.2 5.00 52.00 57.00 NOTE
r-patched-linux-x86_64 1.0.2 3.78 31.99 35.77 NOTE
r-release-linux-x86_64 1.0.2 3.21 32.12 35.33 NOTE
r-release-macos-arm64 1.0.2 36.00 NOTE
r-release-macos-x86_64 1.0.2 49.00 NOTE
r-release-windows-x86_64 1.0.2 6.00 52.00 58.00 NOTE
r-oldrel-macos-arm64 1.0.2 28.00 OK
r-oldrel-macos-x86_64 1.0.2 40.00 OK
r-oldrel-windows-x86_64 1.0.2 6.00 59.00 65.00 OK

Check Details

Version: 1.0.2
Check: DESCRIPTION meta-information
Result: NOTE Missing dependency on R >= 4.1.0 because package code uses the pipe |> or function shorthand \(...) syntax added in R 4.1.0. File(s) using such syntax: ‘just.install.R’ Flavors: r-devel-linux-x86_64-debian-clang, r-devel-linux-x86_64-debian-gcc, r-devel-linux-x86_64-fedora-clang, r-devel-linux-x86_64-fedora-gcc, r-devel-windows-x86_64, r-patched-linux-x86_64, r-release-linux-x86_64, r-release-macos-arm64, r-release-macos-x86_64, r-release-windows-x86_64