Last updated on 2025-05-07 03:51:03 CEST.
Flavor | Version | Tinstall | Tcheck | Ttotal | Status | Flags |
---|---|---|---|---|---|---|
r-devel-linux-x86_64-debian-clang | 0.2.6 | 4.98 | 70.57 | 75.55 | NOTE | |
r-devel-linux-x86_64-debian-gcc | 0.2.6 | 3.81 | 51.32 | 55.13 | NOTE | |
r-devel-linux-x86_64-fedora-clang | 0.2.6 | 117.68 | NOTE | |||
r-devel-linux-x86_64-fedora-gcc | 0.2.6 | 126.40 | NOTE | |||
r-devel-windows-x86_64 | 0.2.6 | 6.00 | 87.00 | 93.00 | NOTE | |
r-patched-linux-x86_64 | 0.2.6 | 5.02 | 67.02 | 72.04 | NOTE | |
r-release-linux-x86_64 | 0.2.6 | 5.18 | 65.64 | 70.82 | NOTE | |
r-release-macos-arm64 | 0.2.6 | 47.00 | NOTE | |||
r-release-macos-x86_64 | 0.2.6 | 97.00 | OK | |||
r-release-windows-x86_64 | 0.2.6 | 7.00 | 88.00 | 95.00 | NOTE | |
r-oldrel-macos-arm64 | 0.2.6 | 44.00 | OK | |||
r-oldrel-macos-x86_64 | 0.2.6 | 89.00 | OK | |||
r-oldrel-windows-x86_64 | 0.2.6 | 9.00 | 106.00 | 115.00 | OK |
Version: 0.2.6
Check: DESCRIPTION meta-information
Result: NOTE
Missing dependency on R >= 4.1.0 because package code uses the pipe
|> or function shorthand \(...) syntax added in R 4.1.0.
File(s) using such syntax:
‘export_to_json.Rd’ ‘import_from_json.Rd’
Flavors: r-devel-linux-x86_64-debian-clang, r-devel-linux-x86_64-debian-gcc, r-devel-linux-x86_64-fedora-clang, r-devel-linux-x86_64-fedora-gcc, r-devel-windows-x86_64, r-patched-linux-x86_64, r-release-linux-x86_64, r-release-macos-arm64, r-release-windows-x86_64