Last updated on 2025-10-30 02:49:05 CET.
| Flavor | Version | Tinstall | Tcheck | Ttotal | Status | Flags | 
|---|---|---|---|---|---|---|
| r-devel-linux-x86_64-debian-clang | 2.1.1 | 4.31 | 34.71 | 39.02 | NOTE | |
| r-devel-linux-x86_64-debian-gcc | 2.1.1 | 2.85 | 24.68 | 27.53 | NOTE | |
| r-devel-linux-x86_64-fedora-clang | 2.1.1 | 23.00 | 38.40 | 61.40 | OK | |
| r-devel-linux-x86_64-fedora-gcc | 2.1.1 | 51.43 | OK | |||
| r-devel-windows-x86_64 | 2.1.1 | 6.00 | 53.00 | 59.00 | OK | |
| r-patched-linux-x86_64 | 2.1.1 | 4.12 | 31.72 | 35.84 | OK | |
| r-release-linux-x86_64 | 2.1.1 | 3.28 | 31.92 | 35.20 | OK | |
| r-release-macos-arm64 | 2.1.1 | 2.00 | 17.00 | 19.00 | OK | |
| r-release-macos-x86_64 | 2.1.1 | 3.00 | 40.00 | 43.00 | OK | |
| r-release-windows-x86_64 | 2.1.1 | 5.00 | 59.00 | 64.00 | OK | |
| r-oldrel-macos-arm64 | 2.1.1 | 2.00 | 17.00 | 19.00 | OK | |
| r-oldrel-macos-x86_64 | 2.1.1 | 3.00 | 24.00 | 27.00 | OK | |
| r-oldrel-windows-x86_64 | 2.1.1 | 4.00 | 52.00 | 56.00 | OK | 
Version: 2.1.1
Check: CRAN incoming feasibility
Result: NOTE
  Maintainer: ‘Giuseppe Guarino <giuseppe.guarino@rete.basilicata.it>’
  
  No Authors@R field in DESCRIPTION.
  Please add one, modifying
    Authors@R: c(person(given = c("Elvira", "Di"),
                        family = "Nardo",
                        role = "aut",
                        email = "elvira.dinardo@unito.it"),
                 person(given = "Giuseppe",
                        family = "Guarino",
                        role = c("aut", "cre"),
                        email = "giuseppe.guarino@rete.basilicata.it"))
  as necessary.
  
  The Description field contains
    (2009) <arXiv:0807.5008>, <arXiv:1012.6008>.
  Please refer to arXiv e-prints via their arXiv DOI <doi:10.48550/arXiv.YYMM.NNNNN>.
Flavors: r-devel-linux-x86_64-debian-clang, r-devel-linux-x86_64-debian-gcc