CRAN Package Check Results for Package kappalab

Last updated on 2025-05-04 03:50:57 CEST.

Flavor Version Tinstall Tcheck Ttotal Status Flags
r-devel-linux-x86_64-debian-clang 0.4-12 13.47 94.72 108.19 NOTE
r-devel-linux-x86_64-debian-gcc 0.4-12 9.74 69.60 79.34 NOTE
r-devel-linux-x86_64-fedora-clang 0.4-12 168.86 NOTE
r-devel-linux-x86_64-fedora-gcc 0.4-12 163.75 NOTE
r-devel-windows-x86_64 0.4-12 18.00 127.00 145.00 OK
r-patched-linux-x86_64 0.4-12 14.70 90.12 104.82 OK
r-release-linux-x86_64 OK
r-release-macos-arm64 0.4-12 49.00 OK
r-release-macos-x86_64 0.4-12 121.00 OK
r-release-windows-x86_64 0.4-12 19.00 128.00 147.00 OK
r-oldrel-macos-arm64 0.4-12 46.00 OK
r-oldrel-macos-x86_64 0.4-12 92.00 OK
r-oldrel-windows-x86_64 0.4-12 20.00 116.00 136.00 OK

Check Details

Version: 0.4-12
Check: CRAN incoming feasibility
Result: NOTE Maintainer: ‘Ivan Kojadinovic <ivan.kojadinovic@univ-pau.fr>’ No Authors@R field in DESCRIPTION. Please add one, modifying Authors@R: c(person(given = "Michel", family = "Grabisch", role = "aut"), person(given = "Ivan", family = "Kojadinovic", role = c("aut", "cre"), email = "ivan.kojadinovic@univ-pau.fr"), person(given = "Patrick", family = "Meyer.", role = "aut")) as necessary. Flavors: r-devel-linux-x86_64-debian-clang, r-devel-linux-x86_64-debian-gcc

Version: 0.4-12
Check: compiled code
Result: NOTE File ‘kappalab/libs/kappalab.so’: Found no calls to: ‘R_registerRoutines’, ‘R_useDynamicSymbols’ It is good practice to register native routines and to disable symbol search. See ‘Writing portable packages’ in the ‘Writing R Extensions’ manual. Flavors: r-devel-linux-x86_64-fedora-clang, r-devel-linux-x86_64-fedora-gcc