Last updated on 2025-05-06 03:51:06 CEST.
Flavor | Version | Tinstall | Tcheck | Ttotal | Status | Flags |
---|---|---|---|---|---|---|
r-devel-linux-x86_64-debian-clang | 1.1 | 14.20 | 43.67 | 57.87 | NOTE | |
r-devel-linux-x86_64-debian-gcc | 1.1 | 11.36 | 30.60 | 41.96 | NOTE | |
r-devel-linux-x86_64-fedora-clang | 1.1 | 94.89 | OK | |||
r-devel-linux-x86_64-fedora-gcc | 1.1 | 97.80 | OK | |||
r-devel-windows-x86_64 | 1.1 | 17.00 | 74.00 | 91.00 | OK | |
r-patched-linux-x86_64 | 1.1 | 15.82 | 41.44 | 57.26 | OK | |
r-release-linux-x86_64 | 1.1 | 15.81 | 40.75 | 56.56 | OK | |
r-release-macos-arm64 | 1.1 | 30.00 | OK | |||
r-release-macos-x86_64 | 1.1 | 51.00 | OK | |||
r-release-windows-x86_64 | 1.1 | 16.00 | 85.00 | 101.00 | OK | |
r-oldrel-macos-arm64 | 1.1 | 29.00 | OK | |||
r-oldrel-macos-x86_64 | 1.1 | 42.00 | OK | |||
r-oldrel-windows-x86_64 | 1.1 | 16.00 | 92.00 | 108.00 | OK |
Version: 1.1
Check: CRAN incoming feasibility
Result: NOTE
Maintainer: ‘Hoseung Song <hosong@ucdavis.edu>’
The Description field contains
(2022) <arXiv:2206.01853>.
Please refer to arXiv e-prints via their arXiv DOI <doi:10.48550/arXiv.YYMM.NNNNN>.
Flavors: r-devel-linux-x86_64-debian-clang, r-devel-linux-x86_64-debian-gcc