CRAN Package Check Results for Package keyplayer

Last updated on 2025-05-04 03:50:57 CEST.

Flavor Version Tinstall Tcheck Ttotal Status Flags
r-devel-linux-x86_64-debian-clang 1.0.4 2.62 26.03 28.65 NOTE
r-devel-linux-x86_64-debian-gcc 1.0.4 2.12 20.05 22.17 NOTE
r-devel-linux-x86_64-fedora-clang 1.0.4 45.85 OK
r-devel-linux-x86_64-fedora-gcc 1.0.4 43.61 OK
r-devel-windows-x86_64 1.0.4 4.00 56.00 60.00 OK
r-patched-linux-x86_64 1.0.4 3.25 24.78 28.03 OK
r-release-linux-x86_64 OK
r-release-macos-arm64 1.0.4 23.00 OK
r-release-macos-x86_64 1.0.4 30.00 OK
r-release-windows-x86_64 1.0.4 4.00 47.00 51.00 OK
r-oldrel-macos-arm64 1.0.4 17.00 OK
r-oldrel-macos-x86_64 1.0.4 25.00 OK
r-oldrel-windows-x86_64 1.0.4 5.00 54.00 59.00 OK

Check Details

Version: 1.0.4
Check: CRAN incoming feasibility
Result: NOTE Maintainer: ‘Weihua An <weihua.an@emory.edu>’ No Authors@R field in DESCRIPTION. Please add one, modifying Authors@R: c(person(given = c("Weihua", "An;", "Yu-Hsin"), family = "Liu", role = "aut"), person(given = "Weihua", family = "An", role = "cre", email = "weihua.an@emory.edu")) as necessary. Flavors: r-devel-linux-x86_64-debian-clang, r-devel-linux-x86_64-debian-gcc