Last updated on 2025-05-06 03:51:06 CEST.
Flavor | Version | Tinstall | Tcheck | Ttotal | Status | Flags |
---|---|---|---|---|---|---|
r-devel-linux-x86_64-debian-clang | 1.3.1 | 3.06 | 18.97 | 22.03 | NOTE | |
r-devel-linux-x86_64-debian-gcc | 1.3.1 | 2.36 | 15.88 | 18.24 | NOTE | |
r-devel-linux-x86_64-fedora-clang | 1.3.1 | 32.31 | OK | |||
r-devel-linux-x86_64-fedora-gcc | 1.3.1 | 30.92 | OK | |||
r-devel-windows-x86_64 | 1.3.1 | 10.00 | 39.00 | 49.00 | OK | |
r-patched-linux-x86_64 | 1.3.1 | 2.61 | 17.39 | 20.00 | OK | |
r-release-linux-x86_64 | 1.3.1 | 2.79 | 17.05 | 19.84 | OK | |
r-release-macos-arm64 | 1.3.1 | 16.00 | OK | |||
r-release-macos-x86_64 | 1.3.1 | 24.00 | OK | |||
r-release-windows-x86_64 | 1.3.1 | 12.00 | 41.00 | 53.00 | OK | |
r-oldrel-macos-arm64 | 1.3.1 | 17.00 | OK | |||
r-oldrel-macos-x86_64 | 1.3.1 | 23.00 | OK | |||
r-oldrel-windows-x86_64 | 1.3.1 | 11.00 | 45.00 | 56.00 | OK |
Version: 1.3.1
Check: CRAN incoming feasibility
Result: NOTE
Maintainer: ‘Gábor Csárdi <csardi.gabor@gmail.com>’
No Authors@R field in DESCRIPTION.
Please add one, modifying
Authors@R: c(person(given = "Gábor",
family = "Csárdi",
role = c("aut", "cre"),
email = "csardi.gabor@gmail.com"),
person(given = "Jon",
family = "Griffiths",
role = "aut"))
as necessary.
Flavors: r-devel-linux-x86_64-debian-clang, r-devel-linux-x86_64-debian-gcc