Last updated on 2025-05-07 03:51:04 CEST.
Flavor | Version | Tinstall | Tcheck | Ttotal | Status | Flags |
---|---|---|---|---|---|---|
r-devel-linux-x86_64-debian-clang | 0.7 | 8.11 | 58.97 | 67.08 | NOTE | |
r-devel-linux-x86_64-debian-gcc | 0.7 | 5.80 | 43.49 | 49.29 | NOTE | |
r-devel-linux-x86_64-fedora-clang | 0.7 | 103.26 | OK | |||
r-devel-linux-x86_64-fedora-gcc | 0.7 | 99.17 | OK | |||
r-devel-windows-x86_64 | 0.7 | 8.00 | 76.00 | 84.00 | OK | |
r-patched-linux-x86_64 | 0.7 | 6.96 | 57.51 | 64.47 | OK | |
r-release-linux-x86_64 | 0.7 | 7.62 | 56.51 | 64.13 | OK | |
r-release-macos-arm64 | 0.7 | 35.00 | OK | |||
r-release-macos-x86_64 | 0.7 | 65.00 | OK | |||
r-release-windows-x86_64 | 0.7 | 8.00 | 77.00 | 85.00 | OK | |
r-oldrel-macos-arm64 | 0.7 | 32.00 | OK | |||
r-oldrel-macos-x86_64 | 0.7 | 47.00 | OK | |||
r-oldrel-windows-x86_64 | 0.7 | 11.00 | 87.00 | 98.00 | OK |
Version: 0.7
Check: CRAN incoming feasibility
Result: NOTE
Maintainer: ‘Victor Moreno <v.moreno@iconcologia.net>’
No Authors@R field in DESCRIPTION.
Please add one, modifying
Authors@R: c(person(given = "Victor",
family = "Moreno",
role = c("aut", "cre"),
email = "v.moreno@iconcologia.net"),
person(given = "Nilanjan",
family = "Chatterjee",
role = "aut"),
person(given = "Bhramar",
family = "Mukherjee",
role = "aut"))
as necessary.
Flavors: r-devel-linux-x86_64-debian-clang, r-devel-linux-x86_64-debian-gcc