Last updated on 2025-07-03 03:49:44 CEST.
Flavor | Version | Tinstall | Tcheck | Ttotal | Status | Flags |
---|---|---|---|---|---|---|
r-devel-linux-x86_64-debian-clang | 1.0 | 88.32 | 189.37 | 277.69 | OK | |
r-devel-linux-x86_64-debian-gcc | 1.0 | 60.18 | 132.21 | 192.39 | OK | |
r-devel-linux-x86_64-fedora-clang | 1.0 | 444.68 | OK | |||
r-devel-linux-x86_64-fedora-gcc | 1.0 | 404.32 | OK | |||
r-devel-windows-x86_64 | 1.0 | 101.00 | 211.00 | 312.00 | OK | |
r-patched-linux-x86_64 | 1.0 | 86.56 | 174.61 | 261.17 | OK | |
r-release-linux-x86_64 | 1.0 | 82.83 | 179.97 | 262.80 | OK | |
r-release-macos-arm64 | 1.0 | 153.00 | OK | |||
r-release-macos-x86_64 | 1.0 | 226.00 | OK | |||
r-release-windows-x86_64 | 1.0 | 102.00 | 1756.00 | 1858.00 | OK | |
r-oldrel-macos-arm64 | 1.0 | 122.00 | NOTE | |||
r-oldrel-macos-x86_64 | 1.0 | 287.00 | NOTE | |||
r-oldrel-windows-x86_64 | 1.0 | 125.00 | 266.00 | 391.00 | NOTE |
Version: 1.0
Check: installed package size
Result: NOTE
installed size is 5.4Mb
sub-directories of 1Mb or more:
libs 3.8Mb
Flavors: r-oldrel-macos-arm64, r-oldrel-macos-x86_64
Version: 1.0
Check: for GNU extensions in Makefiles
Result: NOTE
GNU make is a SystemRequirements.
Flavors: r-oldrel-macos-arm64, r-oldrel-macos-x86_64, r-oldrel-windows-x86_64