Last updated on 2025-05-07 03:51:04 CEST.
Flavor | Version | Tinstall | Tcheck | Ttotal | Status | Flags |
---|---|---|---|---|---|---|
r-devel-linux-x86_64-debian-clang | 0.9.0 | 1.79 | 22.80 | 24.59 | OK | |
r-devel-linux-x86_64-debian-gcc | 0.9.0 | 1.30 | 18.07 | 19.37 | OK | |
r-devel-linux-x86_64-fedora-clang | 0.9.0 | 36.39 | OK | |||
r-devel-linux-x86_64-fedora-gcc | 0.9.0 | 59.83 | OK | |||
r-devel-windows-x86_64 | 0.9.0 | 3.00 | 46.00 | 49.00 | OK | |
r-patched-linux-x86_64 | 0.9.0 | 1.94 | 20.13 | 22.07 | OK | |
r-release-linux-x86_64 | 0.9.0 | 1.63 | 19.98 | 21.61 | OK | |
r-release-macos-arm64 | 0.9.0 | 32.00 | OK | |||
r-release-macos-x86_64 | 0.9.0 | 55.00 | OK | |||
r-release-windows-x86_64 | 0.9.0 | 3.00 | 45.00 | 48.00 | OK | |
r-oldrel-macos-arm64 | 0.9.0 | 27.00 | NOTE | |||
r-oldrel-macos-x86_64 | 0.9.0 | 59.00 | NOTE | |||
r-oldrel-windows-x86_64 | 0.9.0 | 4.00 | 46.00 | 50.00 | NOTE |
Version: 0.9.0
Check: LazyData
Result: NOTE
'LazyData' is specified without a 'data' directory
Flavors: r-oldrel-macos-arm64, r-oldrel-macos-x86_64, r-oldrel-windows-x86_64