Last updated on 2025-07-26 03:49:53 CEST.
Flavor | Version | Tinstall | Tcheck | Ttotal | Status | Flags |
---|---|---|---|---|---|---|
r-devel-linux-x86_64-debian-clang | 1.3 | 2.42 | 28.53 | 30.95 | OK | |
r-devel-linux-x86_64-debian-gcc | 1.3 | 2.32 | 21.86 | 24.18 | OK | |
r-devel-linux-x86_64-fedora-clang | 1.3 | 46.09 | OK | |||
r-devel-linux-x86_64-fedora-gcc | 1.3 | 46.24 | OK | |||
r-devel-windows-x86_64 | 1.3 | 4.00 | 58.00 | 62.00 | OK | |
r-patched-linux-x86_64 | 1.3 | 3.13 | 27.12 | 30.25 | OK | |
r-release-linux-x86_64 | 1.3 | 2.55 | 27.33 | 29.88 | OK | |
r-release-macos-arm64 | 1.3 | 20.00 | OK | |||
r-release-macos-x86_64 | 1.3 | 31.00 | OK | |||
r-release-windows-x86_64 | 1.3 | 5.00 | 64.00 | 69.00 | OK | |
r-oldrel-macos-arm64 | 1.3 | 18.00 | NOTE | |||
r-oldrel-macos-x86_64 | 1.3 | 31.00 | NOTE | |||
r-oldrel-windows-x86_64 | 1.3 | 4.00 | 53.00 | 57.00 | NOTE |
Version: 1.3
Check: LazyData
Result: NOTE
'LazyData' is specified without a 'data' directory
Flavors: r-oldrel-macos-arm64, r-oldrel-macos-x86_64, r-oldrel-windows-x86_64