Last updated on 2025-05-06 03:51:06 CEST.
Flavor | Version | Tinstall | Tcheck | Ttotal | Status | Flags |
---|---|---|---|---|---|---|
r-devel-linux-x86_64-debian-clang | 0.0.1 | 7.16 | 59.57 | 66.73 | NOTE | |
r-devel-linux-x86_64-debian-gcc | 0.0.1 | 5.15 | 44.51 | 49.66 | NOTE | |
r-devel-linux-x86_64-fedora-clang | 0.0.1 | 102.49 | OK | |||
r-devel-linux-x86_64-fedora-gcc | 0.0.1 | 96.64 | OK | |||
r-devel-windows-x86_64 | 0.0.1 | 8.00 | 70.00 | 78.00 | OK | |
r-patched-linux-x86_64 | 0.0.1 | 6.73 | 56.09 | 62.82 | OK | |
r-release-linux-x86_64 | 0.0.1 | 6.32 | 57.08 | 63.40 | OK | |
r-release-macos-arm64 | 0.0.1 | 28.00 | OK | |||
r-release-macos-x86_64 | 0.0.1 | 55.00 | OK | |||
r-release-windows-x86_64 | 0.0.1 | 8.00 | 71.00 | 79.00 | OK | |
r-oldrel-macos-arm64 | 0.0.1 | 31.00 | NOTE | |||
r-oldrel-macos-x86_64 | 0.0.1 | 46.00 | NOTE | |||
r-oldrel-windows-x86_64 | 0.0.1 | 10.00 | 82.00 | 92.00 | NOTE |
Version: 0.0.1
Check: CRAN incoming feasibility
Result: NOTE
Maintainer: ‘Clemence Karmann <clemence.karmann@gmail.com>’
The Description field contains
(2019) <arXiv:1907.03153>.
Please refer to arXiv e-prints via their arXiv DOI <doi:10.48550/arXiv.YYMM.NNNNN>.
Flavors: r-devel-linux-x86_64-debian-clang, r-devel-linux-x86_64-debian-gcc
Version: 0.0.1
Check: LazyData
Result: NOTE
'LazyData' is specified without a 'data' directory
Flavors: r-oldrel-macos-arm64, r-oldrel-macos-x86_64, r-oldrel-windows-x86_64