Last updated on 2025-05-06 03:51:06 CEST.
Flavor | Version | Tinstall | Tcheck | Ttotal | Status | Flags |
---|---|---|---|---|---|---|
r-devel-linux-x86_64-debian-clang | 0.1.0 | 2.88 | 35.59 | 38.47 | NOTE | |
r-devel-linux-x86_64-debian-gcc | 0.1.0 | 2.62 | 27.75 | 30.37 | NOTE | |
r-devel-linux-x86_64-fedora-clang | 0.1.0 | 61.94 | OK | |||
r-devel-linux-x86_64-fedora-gcc | 0.1.0 | 59.07 | OK | |||
r-devel-windows-x86_64 | 0.1.0 | 3.00 | 52.00 | 55.00 | OK | |
r-patched-linux-x86_64 | 0.1.0 | 3.10 | 34.55 | 37.65 | OK | |
r-release-linux-x86_64 | 0.1.0 | 2.76 | 34.57 | 37.33 | OK | |
r-release-macos-arm64 | 0.1.0 | 21.00 | OK | |||
r-release-macos-x86_64 | 0.1.0 | 39.00 | OK | |||
r-release-windows-x86_64 | 0.1.0 | 5.00 | 54.00 | 59.00 | OK | |
r-oldrel-macos-arm64 | 0.1.0 | 22.00 | NOTE | |||
r-oldrel-macos-x86_64 | 0.1.0 | 31.00 | NOTE | |||
r-oldrel-windows-x86_64 | 0.1.0 | 4.00 | 58.00 | 62.00 | NOTE |
Version: 0.1.0
Check: CRAN incoming feasibility
Result: NOTE
Maintainer: ‘Maoran Xu <maoranxu@ufl.edu>’
No Authors@R field in DESCRIPTION.
Please add one, modifying
Authors@R: c(person(given = "Maoran",
family = "Xu",
role = c("aut", "cre"),
email = "maoranxu@ufl.edu"),
person(given = c("Leo", "L."),
family = "Duan",
role = "aut"))
as necessary.
The Description field contains
regression, as introduced by Xu and Duan (2020) <arXiv:2006.01340>.
Please refer to arXiv e-prints via their arXiv DOI <doi:10.48550/arXiv.YYMM.NNNNN>.
Flavors: r-devel-linux-x86_64-debian-clang, r-devel-linux-x86_64-debian-gcc
Version: 0.1.0
Check: LazyData
Result: NOTE
'LazyData' is specified without a 'data' directory
Flavors: r-oldrel-macos-arm64, r-oldrel-macos-x86_64, r-oldrel-windows-x86_64