Last updated on 2025-05-04 03:50:57 CEST.
Flavor | Version | Tinstall | Tcheck | Ttotal | Status | Flags |
---|---|---|---|---|---|---|
r-devel-linux-x86_64-debian-clang | 0.4.3 | 1.71 | 19.50 | 21.21 | NOTE | |
r-devel-linux-x86_64-debian-gcc | 0.4.3 | 1.74 | 15.36 | 17.10 | NOTE | |
r-devel-linux-x86_64-fedora-clang | 0.4.3 | 36.22 | OK | |||
r-devel-linux-x86_64-fedora-gcc | 0.4.3 | 32.79 | OK | |||
r-devel-windows-x86_64 | 0.4.3 | 4.00 | 44.00 | 48.00 | OK | |
r-patched-linux-x86_64 | 0.4.3 | 5.18 | 18.77 | 23.95 | OK | |
r-release-linux-x86_64 | OK | |||||
r-release-macos-arm64 | 0.4.3 | 17.00 | OK | |||
r-release-macos-x86_64 | 0.4.3 | 26.00 | OK | |||
r-release-windows-x86_64 | 0.4.3 | 6.00 | 46.00 | 52.00 | OK | |
r-oldrel-macos-arm64 | 0.4.3 | 20.00 | OK | |||
r-oldrel-macos-x86_64 | 0.4.3 | 23.00 | OK | |||
r-oldrel-windows-x86_64 | 0.4.3 | 5.00 | 42.00 | 47.00 | OK |
Version: 0.4.3
Check: CRAN incoming feasibility
Result: NOTE
Maintainer: ‘Nuno Sempere <nuno.semperelh@gmail.com>’
No Authors@R field in DESCRIPTION.
Please add one, modifying
Authors@R: c(person(given = "Justin",
family = "Talbot,",
role = "aut"),
person(given = "Nuno",
family = "Sempere",
role = "cre",
email = "nuno.semperelh@gmail.com"))
as necessary.
Flavors: r-devel-linux-x86_64-debian-clang, r-devel-linux-x86_64-debian-gcc