Last updated on 2025-05-07 03:51:04 CEST.
Flavor | Version | Tinstall | Tcheck | Ttotal | Status | Flags |
---|---|---|---|---|---|---|
r-devel-linux-x86_64-debian-clang | 1.0.1 | 1.54 | 17.09 | 18.63 | NOTE | |
r-devel-linux-x86_64-debian-gcc | 1.0.1 | 1.20 | 13.85 | 15.05 | NOTE | |
r-devel-linux-x86_64-fedora-clang | 1.0.1 | 28.38 | OK | |||
r-devel-linux-x86_64-fedora-gcc | 1.0.1 | 27.71 | OK | |||
r-devel-windows-x86_64 | 1.0.1 | 2.00 | 37.00 | 39.00 | OK | |
r-patched-linux-x86_64 | 1.0.1 | 1.77 | 16.27 | 18.04 | OK | |
r-release-linux-x86_64 | 1.0.1 | 1.44 | 16.51 | 17.95 | OK | |
r-release-macos-arm64 | 1.0.1 | 15.00 | OK | |||
r-release-macos-x86_64 | 1.0.1 | 22.00 | OK | |||
r-release-windows-x86_64 | 1.0.1 | 4.00 | 42.00 | 46.00 | OK | |
r-oldrel-macos-arm64 | 1.0.1 | 15.00 | OK | |||
r-oldrel-macos-x86_64 | 1.0.1 | 19.00 | OK | |||
r-oldrel-windows-x86_64 | 1.0.1 | 3.00 | 37.00 | 40.00 | OK |
Version: 1.0.1
Check: CRAN incoming feasibility
Result: NOTE
Maintainer: ‘Stanley E. Lazic <stan.lazic@cantab.net>’
No Authors@R field in DESCRIPTION.
Please add one, modifying
Authors@R: person(given = c("Stanley", "E."),
family = "Lazic",
role = c("aut", "cre"),
email = "stan.lazic@cantab.net")
as necessary.
Flavors: r-devel-linux-x86_64-debian-clang, r-devel-linux-x86_64-debian-gcc