CRAN Package Check Results for Package lacm

Last updated on 2025-05-06 03:51:06 CEST.

Flavor Version Tinstall Tcheck Ttotal Status Flags
r-devel-linux-x86_64-debian-clang 0.1.1 2.57 20.56 23.13 NOTE
r-devel-linux-x86_64-debian-gcc 0.1.1 1.92 16.41 18.33 NOTE
r-devel-linux-x86_64-fedora-clang 0.1.1 35.81 OK
r-devel-linux-x86_64-fedora-gcc 0.1.1 34.84 OK
r-devel-windows-x86_64 0.1.1 4.00 44.00 48.00 NOTE
r-patched-linux-x86_64 0.1.1 2.76 19.91 22.67 NOTE
r-release-linux-x86_64 0.1.1 2.36 19.74 22.10 NOTE
r-release-macos-arm64 0.1.1 19.00 OK
r-release-macos-x86_64 0.1.1 27.00 OK
r-release-windows-x86_64 0.1.1 6.00 45.00 51.00 NOTE
r-oldrel-macos-arm64 0.1.1 18.00 OK
r-oldrel-macos-x86_64 0.1.1 23.00 OK
r-oldrel-windows-x86_64 0.1.1 5.00 47.00 52.00 OK

Check Details

Version: 0.1.1
Check: CRAN incoming feasibility
Result: NOTE Maintainer: ‘Cristiano Varin <cristiano.varin@unive.it>’ Package CITATION file contains call(s) to old-style personList() or as.personList(). Please use c() on person objects instead. Package CITATION file contains call(s) to old-style citEntry(). Please use bibentry() instead. Flavors: r-devel-linux-x86_64-debian-clang, r-devel-linux-x86_64-debian-gcc

Version: 0.1.1
Check: Rd cross-references
Result: NOTE Found the following Rd file(s) with Rd \link{} targets missing package anchors: lacm.Rd: gauss.quad Please provide package anchors for all Rd \link{} targets not in the package itself and the base packages. Flavors: r-devel-linux-x86_64-debian-clang, r-devel-linux-x86_64-debian-gcc, r-devel-windows-x86_64, r-patched-linux-x86_64, r-release-linux-x86_64, r-release-windows-x86_64