Last updated on 2025-05-04 03:50:57 CEST.
Flavor | Version | Tinstall | Tcheck | Ttotal | Status | Flags |
---|---|---|---|---|---|---|
r-devel-linux-x86_64-debian-clang | 1.5.0 | 7.27 | 59.18 | 66.45 | NOTE | |
r-devel-linux-x86_64-debian-gcc | 1.5.0 | 4.73 | 41.97 | 46.70 | NOTE | |
r-devel-linux-x86_64-fedora-clang | 1.5.0 | 98.65 | OK | |||
r-devel-linux-x86_64-fedora-gcc | 1.5.0 | 96.93 | OK | |||
r-devel-windows-x86_64 | 1.5.0 | 10.00 | 111.00 | 121.00 | NOTE | |
r-patched-linux-x86_64 | 1.5.0 | 8.95 | 55.89 | 64.84 | NOTE | |
r-release-linux-x86_64 | NOTE | |||||
r-release-macos-arm64 | 1.5.0 | 33.00 | OK | |||
r-release-macos-x86_64 | 1.5.0 | 55.00 | OK | |||
r-release-windows-x86_64 | 1.5.0 | 10.00 | 114.00 | 124.00 | NOTE | |
r-oldrel-macos-arm64 | 1.5.0 | 30.00 | OK | |||
r-oldrel-macos-x86_64 | 1.5.0 | 47.00 | OK | |||
r-oldrel-windows-x86_64 | 1.5.0 | 14.00 | 135.00 | 149.00 | OK |
Version: 1.5.0
Check: CRAN incoming feasibility
Result: NOTE
Maintainer: ‘R. H. Baayen <harald.baayen@uni-tuebingen.de>’
No Authors@R field in DESCRIPTION.
Please add one, modifying
Authors@R: c(person(given = c("R.", "H."),
family = "Baayen",
role = c("aut", "cre"),
email = "harald.baayen@uni-tuebingen.de"),
person(given = "Elnaz",
family = "Shafaei-Bajestan",
role = "aut",
email = "elnaz.shafaei-bajestan@uni-tuebingen.de"))
as necessary.
Flavors: r-devel-linux-x86_64-debian-clang, r-devel-linux-x86_64-debian-gcc
Version: 1.5.0
Check: Rd cross-references
Result: NOTE
Found the following Rd file(s) with Rd \link{} targets missing package
anchors:
xylowess.fnc.Rd: xyplot
Please provide package anchors for all Rd \link{} targets not in the
package itself and the base packages.
Flavors: r-devel-linux-x86_64-debian-clang, r-devel-linux-x86_64-debian-gcc, r-devel-windows-x86_64, r-patched-linux-x86_64, r-release-linux-x86_64, r-release-windows-x86_64