Last updated on 2025-05-07 03:51:04 CEST.
Flavor | Version | Tinstall | Tcheck | Ttotal | Status | Flags |
---|---|---|---|---|---|---|
r-devel-linux-x86_64-debian-clang | 1.2.1 | 1.90 | 33.96 | 35.86 | OK | |
r-devel-linux-x86_64-debian-gcc | 1.2.1 | 1.63 | 25.59 | 27.22 | OK | |
r-devel-linux-x86_64-fedora-clang | 1.2.1 | 56.66 | OK | |||
r-devel-linux-x86_64-fedora-gcc | 1.2.1 | 68.77 | OK | |||
r-devel-windows-x86_64 | 1.2.1 | 4.00 | 54.00 | 58.00 | OK | |
r-patched-linux-x86_64 | 1.2.1 | 2.39 | 31.57 | 33.96 | OK | |
r-release-linux-x86_64 | 1.2.1 | 1.97 | 31.23 | 33.20 | OK | |
r-release-macos-arm64 | 1.2.1 | 68.00 | OK | |||
r-release-macos-x86_64 | 1.2.1 | 55.00 | OK | |||
r-release-windows-x86_64 | 1.2.1 | 5.00 | 54.00 | 59.00 | OK | |
r-oldrel-macos-arm64 | 1.2.1 | 31.00 | OK | |||
r-oldrel-macos-x86_64 | 1.2.1 | 62.00 | OK | |||
r-oldrel-windows-x86_64 | 1.2.1 | 5.00 | 63.00 | 68.00 | ERROR |
Version: 1.2.1
Check: re-building of vignette outputs
Result: ERROR
Error(s) in re-building vignettes:
--- re-building 'using_latent2likert.Rmd' using rmarkdown
File man/figures/courses-grouped-min.png not found in resource path
Error: processing vignette 'using_latent2likert.Rmd' failed with diagnostics:
pandoc document conversion failed with error 99
--- failed re-building 'using_latent2likert.Rmd'
SUMMARY: processing the following file failed:
'using_latent2likert.Rmd'
Error: Vignette re-building failed.
Execution halted
Flavor: r-oldrel-windows-x86_64