CRAN Package Check Results for Package lava

Last updated on 2025-07-03 03:49:45 CEST.

Flavor Version Tinstall Tcheck Ttotal Status Flags
r-devel-linux-x86_64-debian-clang 1.8.1 35.88 368.69 404.57 NOTE
r-devel-linux-x86_64-debian-gcc 1.8.1 24.36 230.79 255.15 NOTE
r-devel-linux-x86_64-fedora-clang 1.8.1 619.10 NOTE
r-devel-linux-x86_64-fedora-gcc 1.8.1 603.27 NOTE
r-devel-windows-x86_64 1.8.1 36.00 321.00 357.00 NOTE
r-patched-linux-x86_64 1.8.1 38.41 343.42 381.83 NOTE
r-release-linux-x86_64 1.8.1 36.93 341.00 377.93 NOTE
r-release-macos-arm64 1.8.1 176.00 NOTE
r-release-macos-x86_64 1.8.1 485.00 NOTE
r-release-windows-x86_64 1.8.1 38.00 340.00 378.00 NOTE
r-oldrel-macos-arm64 1.8.1 150.00 OK
r-oldrel-macos-x86_64 1.8.1 444.00 OK
r-oldrel-windows-x86_64 1.8.1 49.00 442.00 491.00 OK

Check Details

Version: 1.8.1
Check: DESCRIPTION meta-information
Result: NOTE Missing dependency on R >= 4.1.0 because package code uses the pipe |> or function shorthand \(...) syntax added in R 4.1.0. File(s) using such syntax: ‘contr.Rd’ Flavors: r-devel-linux-x86_64-debian-clang, r-devel-linux-x86_64-debian-gcc, r-devel-linux-x86_64-fedora-clang, r-devel-linux-x86_64-fedora-gcc, r-devel-windows-x86_64, r-patched-linux-x86_64, r-release-linux-x86_64, r-release-macos-arm64, r-release-macos-x86_64, r-release-windows-x86_64