Last updated on 2025-05-04 03:50:57 CEST.
Flavor | Version | Tinstall | Tcheck | Ttotal | Status | Flags |
---|---|---|---|---|---|---|
r-devel-linux-x86_64-debian-clang | 0.8.1 | 5.20 | 58.25 | 63.45 | NOTE | |
r-devel-linux-x86_64-debian-gcc | 0.8.1 | 3.73 | 44.68 | 48.41 | NOTE | |
r-devel-linux-x86_64-fedora-clang | 0.8.1 | 101.36 | OK | |||
r-devel-linux-x86_64-fedora-gcc | 0.8.1 | 108.82 | OK | |||
r-devel-windows-x86_64 | 0.8.1 | 8.00 | 80.00 | 88.00 | OK | |
r-patched-linux-x86_64 | 0.8.1 | 5.90 | 56.04 | 61.94 | OK | |
r-release-linux-x86_64 | OK | |||||
r-release-macos-arm64 | 0.8.1 | 42.00 | OK | |||
r-release-macos-x86_64 | 0.8.1 | 71.00 | OK | |||
r-release-windows-x86_64 | 0.8.1 | 8.00 | 75.00 | 83.00 | OK | |
r-oldrel-macos-arm64 | 0.8.1 | 43.00 | NOTE | |||
r-oldrel-macos-x86_64 | 0.8.1 | 62.00 | NOTE | |||
r-oldrel-windows-x86_64 | 0.8.1 | 9.00 | 96.00 | 105.00 | NOTE |
Version: 0.8.1
Check: CRAN incoming feasibility
Result: NOTE
Maintainer: ‘Alex Lishinski <alexlishinski@gmail.com>’
No Authors@R field in DESCRIPTION.
Please add one, modifying
Authors@R: person(given = "Alex",
family = "Lishinski",
role = c("aut", "cre"),
email = "alexlishinski@gmail.com")
as necessary.
Flavors: r-devel-linux-x86_64-debian-clang, r-devel-linux-x86_64-debian-gcc
Version: 0.8.1
Check: installed package size
Result: NOTE
installed size is 6.5Mb
sub-directories of 1Mb or more:
doc 6.4Mb
Flavors: r-oldrel-macos-arm64, r-oldrel-macos-x86_64, r-oldrel-windows-x86_64