Last updated on 2025-05-07 03:51:04 CEST.
Flavor | Version | Tinstall | Tcheck | Ttotal | Status | Flags |
---|---|---|---|---|---|---|
r-devel-linux-x86_64-debian-clang | 0.2-2 | 30.11 | 62.95 | 93.06 | NOTE | |
r-devel-linux-x86_64-debian-gcc | 0.2-2 | 20.13 | 43.39 | 63.52 | NOTE | |
r-devel-linux-x86_64-fedora-clang | 0.2-2 | 168.28 | NOTE | |||
r-devel-linux-x86_64-fedora-gcc | 0.2-2 | 170.18 | NOTE | |||
r-devel-windows-x86_64 | 0.2-2 | 35.00 | 106.00 | 141.00 | NOTE | |
r-patched-linux-x86_64 | 0.2-2 | 27.58 | 58.66 | 86.24 | NOTE | |
r-release-linux-x86_64 | 0.2-2 | 26.78 | 57.80 | 84.58 | NOTE | |
r-release-macos-arm64 | 0.2-2 | 53.00 | NOTE | |||
r-release-macos-x86_64 | 0.2-2 | 91.00 | NOTE | |||
r-release-windows-x86_64 | 0.2-2 | 35.00 | 112.00 | 147.00 | NOTE | |
r-oldrel-macos-arm64 | 0.2-2 | 63.00 | OK | |||
r-oldrel-macos-x86_64 | 0.2-2 | 142.00 | OK | |||
r-oldrel-windows-x86_64 | 0.2-2 | 41.00 | 130.00 | 171.00 | OK |
Version: 0.2-2
Check: DESCRIPTION meta-information
Result: NOTE
Missing dependency on R >= 4.1.0 because package code uses the pipe
|> or function shorthand \(...) syntax added in R 4.1.0.
File(s) using such syntax:
‘00methods.R’ ‘creg_datalist.R’ ‘creg_input.R’ ‘creg_partable.R’
‘creg_startvals.r’
Flavors: r-devel-linux-x86_64-debian-clang, r-devel-linux-x86_64-debian-gcc, r-devel-linux-x86_64-fedora-clang, r-devel-linux-x86_64-fedora-gcc, r-devel-windows-x86_64, r-patched-linux-x86_64, r-release-linux-x86_64, r-release-macos-arm64, r-release-macos-x86_64, r-release-windows-x86_64