Last updated on 2025-05-04 03:50:57 CEST.
Flavor | Version | Tinstall | Tcheck | Ttotal | Status | Flags |
---|---|---|---|---|---|---|
r-devel-linux-x86_64-debian-clang | 1.1.0 | 1.63 | 17.90 | 19.53 | NOTE | |
r-devel-linux-x86_64-debian-gcc | 1.1.0 | 1.32 | 14.94 | 16.26 | NOTE | |
r-devel-linux-x86_64-fedora-clang | 1.1.0 | 30.28 | OK | |||
r-devel-linux-x86_64-fedora-gcc | 1.1.0 | 28.95 | OK | |||
r-devel-windows-x86_64 | 1.1.0 | 3.00 | 44.00 | 47.00 | OK | |
r-patched-linux-x86_64 | 1.1.0 | 1.62 | 17.30 | 18.92 | NOTE | |
r-release-linux-x86_64 | NOTE | |||||
r-release-macos-arm64 | 1.1.0 | 17.00 | OK | |||
r-release-macos-x86_64 | 1.1.0 | 33.00 | OK | |||
r-release-windows-x86_64 | 1.1.0 | 2.00 | 40.00 | 42.00 | OK | |
r-oldrel-macos-arm64 | 1.1.0 | 20.00 | OK | |||
r-oldrel-macos-x86_64 | 1.1.0 | 19.00 | OK | |||
r-oldrel-windows-x86_64 | 1.1.0 | 3.00 | 42.00 | 45.00 | OK |
Version: 1.1.0
Check: CRAN incoming feasibility
Result: NOTE
Maintainer: ‘Bill Venables <bill.venables@gmail.com>’
No Authors@R field in DESCRIPTION.
Please add one, modifying
Authors@R: person(given = "Bill",
family = "Venables",
role = c("aut", "cre"),
email = "bill.venables@gmail.com")
as necessary.
Flavors: r-devel-linux-x86_64-debian-clang, r-devel-linux-x86_64-debian-gcc
Version: 1.1.0
Check: R code for possible problems
Result: NOTE
Found the following calls to attach():
File ‘lazyData/R/requireData.R’:
attach(NULL, pos = pos, name = searchDataName)
See section ‘Good practice’ in ‘?attach’.
Flavors: r-devel-linux-x86_64-debian-clang, r-devel-linux-x86_64-debian-gcc, r-patched-linux-x86_64, r-release-linux-x86_64