Last updated on 2025-05-04 03:50:57 CEST.
Flavor | Version | Tinstall | Tcheck | Ttotal | Status | Flags |
---|---|---|---|---|---|---|
r-devel-linux-x86_64-debian-clang | 0.3.5 | 30.12 | 255.45 | 285.57 | NOTE | |
r-devel-linux-x86_64-debian-gcc | 0.3.5 | 17.08 | 161.15 | 178.23 | NOTE | |
r-devel-linux-x86_64-fedora-clang | 0.3.5 | 446.76 | NOTE | |||
r-devel-linux-x86_64-fedora-gcc | 0.3.5 | 430.98 | NOTE | |||
r-devel-windows-x86_64 | 0.3.5 | 25.00 | 201.00 | 226.00 | NOTE | |
r-patched-linux-x86_64 | 0.3.5 | 27.99 | 241.41 | 269.40 | NOTE | |
r-release-linux-x86_64 | NOTE | |||||
r-release-macos-arm64 | 0.3.5 | 103.00 | NOTE | |||
r-release-macos-x86_64 | 0.3.5 | 205.00 | NOTE | |||
r-release-windows-x86_64 | 0.3.5 | 25.00 | 202.00 | 227.00 | NOTE | |
r-oldrel-macos-arm64 | 0.3.5 | 88.00 | NOTE | |||
r-oldrel-macos-x86_64 | 0.3.5 | 156.00 | NOTE | |||
r-oldrel-windows-x86_64 | 0.3.5 | 34.00 | 271.00 | 305.00 | NOTE |
Version: 0.3.5
Check: package subdirectories
Result: NOTE
Problems with news in ‘NEWS.md’:
Cannot extract version info from the following section titles:
light.interception.voxels() - This function create the Fraction absorbed incident light
light.interception.raster() - Create a raster of Fraction absorbed incident light
light.incident.voxels() - This function create the Fraction incident light
light.incident.raster() - Create a raster of the Fraction incident light
Flavors: r-devel-linux-x86_64-debian-clang, r-devel-linux-x86_64-debian-gcc, r-devel-linux-x86_64-fedora-clang, r-devel-linux-x86_64-fedora-gcc, r-devel-windows-x86_64, r-patched-linux-x86_64, r-release-linux-x86_64, r-release-macos-arm64, r-release-macos-x86_64, r-release-windows-x86_64, r-oldrel-macos-arm64, r-oldrel-macos-x86_64, r-oldrel-windows-x86_64