CRAN Package Check Results for Package leaflegend

Last updated on 2025-05-06 03:51:06 CEST.

Flavor Version Tinstall Tcheck Ttotal Status Flags
r-devel-linux-x86_64-debian-clang 1.2.1 3.16 30.30 33.46 NOTE
r-devel-linux-x86_64-debian-gcc 1.2.1 2.14 22.76 24.90 NOTE
r-devel-linux-x86_64-fedora-clang 1.2.1 50.41 NOTE
r-devel-linux-x86_64-fedora-gcc 1.2.1 47.93 NOTE
r-devel-windows-x86_64 1.2.1 8.00 50.00 58.00 NOTE
r-patched-linux-x86_64 1.2.1 3.00 28.07 31.07 NOTE
r-release-linux-x86_64 1.2.1 3.13 27.64 30.77 NOTE
r-release-macos-arm64 1.2.1 20.00 NOTE
r-release-macos-x86_64 1.2.1 33.00 NOTE
r-release-windows-x86_64 1.2.1 8.00 52.00 60.00 NOTE
r-oldrel-macos-arm64 1.2.1 20.00 OK
r-oldrel-macos-x86_64 1.2.1 29.00 OK
r-oldrel-windows-x86_64 1.2.1 9.00 57.00 66.00 OK

Check Details

Version: 1.2.1
Check: DESCRIPTION meta-information
Result: NOTE Missing dependency on R >= 4.1.0 because package code uses the pipe |> or function shorthand \(...) syntax added in R 4.1.0. File(s) using such syntax: ‘legendSymbols.Rd’ Flavors: r-devel-linux-x86_64-debian-clang, r-devel-linux-x86_64-debian-gcc, r-devel-linux-x86_64-fedora-clang, r-devel-linux-x86_64-fedora-gcc, r-devel-windows-x86_64, r-patched-linux-x86_64, r-release-linux-x86_64, r-release-macos-arm64, r-release-macos-x86_64, r-release-windows-x86_64