CRAN Package Check Results for Package lest

Last updated on 2025-05-06 03:51:06 CEST.

Flavor Version Tinstall Tcheck Ttotal Status Flags
r-devel-linux-x86_64-debian-clang 1.1.0 2.95 21.48 24.43 OK
r-devel-linux-x86_64-debian-gcc 1.1.0 2.27 17.50 19.77 OK
r-devel-linux-x86_64-fedora-clang 1.1.0 36.55 OK
r-devel-linux-x86_64-fedora-gcc 1.1.0 34.69 OK
r-devel-windows-x86_64 1.1.0 7.00 43.00 50.00 OK
r-patched-linux-x86_64 1.1.0 2.87 19.38 22.25 OK
r-release-linux-x86_64 1.1.0 2.67 19.39 22.06 OK
r-release-macos-arm64 1.1.0 16.00 OK
r-release-macos-x86_64 1.1.0 26.00 OK
r-release-windows-x86_64 1.1.0 9.00 45.00 54.00 OK
r-oldrel-macos-arm64 1.1.0 17.00 NOTE
r-oldrel-macos-x86_64 1.1.0 24.00 NOTE
r-oldrel-windows-x86_64 1.1.0 6.00 48.00 54.00 NOTE

Check Details

Version: 1.1.0
Check: LazyData
Result: NOTE 'LazyData' is specified without a 'data' directory Flavors: r-oldrel-macos-arm64, r-oldrel-macos-x86_64, r-oldrel-windows-x86_64