Last updated on 2025-05-07 03:51:04 CEST.
Flavor | Version | Tinstall | Tcheck | Ttotal | Status | Flags |
---|---|---|---|---|---|---|
r-devel-linux-x86_64-debian-clang | 0.2.3 | 1.87 | 59.17 | 61.04 | NOTE | |
r-devel-linux-x86_64-debian-gcc | 0.2.3 | 1.43 | 45.82 | 47.25 | NOTE | |
r-devel-linux-x86_64-fedora-clang | 0.2.3 | 106.12 | OK | |||
r-devel-linux-x86_64-fedora-gcc | 0.2.3 | 108.04 | OK | |||
r-devel-windows-x86_64 | 0.2.3 | 4.00 | 78.00 | 82.00 | OK | |
r-patched-linux-x86_64 | 0.2.3 | 1.52 | 55.44 | 56.96 | OK | |
r-release-linux-x86_64 | 0.2.3 | 1.58 | 56.80 | 58.38 | OK | |
r-release-macos-arm64 | 0.2.3 | 41.00 | OK | |||
r-release-macos-x86_64 | 0.2.3 | 73.00 | OK | |||
r-release-windows-x86_64 | 0.2.3 | 3.00 | 79.00 | 82.00 | OK | |
r-oldrel-macos-arm64 | 0.2.3 | 39.00 | OK | |||
r-oldrel-macos-x86_64 | 0.2.3 | 56.00 | OK | |||
r-oldrel-windows-x86_64 | 0.2.3 | 4.00 | 95.00 | 99.00 | OK |
Version: 0.2.3
Check: CRAN incoming feasibility
Result: NOTE
Maintainer: ‘Florian Erhard <florian.erhard@uni-wuerzburg.de>’
No Authors@R field in DESCRIPTION.
Please add one, modifying
Authors@R: person(given = "Florian",
family = "Erhard",
role = c("aut", "cre"),
email = "florian.erhard@uni-wuerzburg.de")
as necessary.
Flavors: r-devel-linux-x86_64-debian-clang, r-devel-linux-x86_64-debian-gcc