CRAN Package Check Results for Package lgpr

Last updated on 2025-11-01 03:49:53 CET.

Flavor Version Tinstall Tcheck Ttotal Status Flags
r-devel-linux-x86_64-debian-clang 1.2.4 496.06 243.14 739.20 ERROR
r-devel-linux-x86_64-debian-gcc 1.2.4 463.04 206.95 669.99 ERROR
r-devel-linux-x86_64-fedora-clang 1.2.5 960.00 172.54 1132.54 OK
r-devel-linux-x86_64-fedora-gcc 1.2.5 900.00 174.95 1074.95 OK
r-devel-windows-x86_64 1.2.4 538.00 287.00 825.00 ERROR
r-patched-linux-x86_64 1.2.4 576.14 278.91 855.05 ERROR
r-release-linux-x86_64 1.2.4 578.22 280.74 858.96 ERROR
r-release-macos-arm64 1.2.5 216.00 99.00 315.00 OK
r-release-macos-x86_64 1.2.5 276.00 235.00 511.00 OK
r-release-windows-x86_64 1.2.5 382.00 271.00 653.00 OK
r-oldrel-macos-arm64 1.2.5 193.00 94.00 287.00 NOTE
r-oldrel-macos-x86_64 1.2.5 269.00 213.00 482.00 NOTE
r-oldrel-windows-x86_64 1.2.5 404.00 361.00 765.00 NOTE

Check Details

Version: 1.2.4
Check: Rd files
Result: NOTE checkRd: (-1) prior_to_num.Rd:13: Lost braces; missing escapes or markup? 13 | {'uniform', 'normal', 'student-t', 'gamma', 'inv-gamma', 'log-normal'} | ^ Flavors: r-devel-linux-x86_64-debian-clang, r-devel-linux-x86_64-debian-gcc, r-devel-windows-x86_64, r-patched-linux-x86_64, r-release-linux-x86_64

Version: 1.2.4
Check: tests
Result: ERROR Running ‘testthat.R’ [59s/73s] Running the tests in ‘tests/testthat.R’ failed. Complete output: > # Short tests > # - focus on testing that everything runs > # - should take less than minute > library(testthat) > library(lgpr) Attached lgpr 1.2.4, using rstan 2.32.7. Type ?lgpr to get started. > > test_check("lgpr") [ FAIL 2 | WARN 1 | SKIP 0 | PASS 446 ] ══ Failed tests ════════════════════════════════════════════════════════════════ ── Failure ('test_misc-invgamma.R:34:3'): plotting the inverse gamma distribution works ── `c1` not equal to c("gg", "ggplot"). Lengths differ: 5 is not 2 ── Failure ('test_misc-invgamma.R:35:3'): plotting the inverse gamma distribution works ── `c2` not equal to c("gg", "ggplot"). Lengths differ: 5 is not 2 [ FAIL 2 | WARN 1 | SKIP 0 | PASS 446 ] Error: Test failures Execution halted Flavor: r-devel-linux-x86_64-debian-clang

Version: 1.2.4
Check: tests
Result: ERROR Running ‘testthat.R’ [40s/50s] Running the tests in ‘tests/testthat.R’ failed. Complete output: > # Short tests > # - focus on testing that everything runs > # - should take less than minute > library(testthat) > library(lgpr) Attached lgpr 1.2.4, using rstan 2.32.7. Type ?lgpr to get started. > > test_check("lgpr") [ FAIL 2 | WARN 1 | SKIP 0 | PASS 446 ] ══ Failed tests ════════════════════════════════════════════════════════════════ ── Failure ('test_misc-invgamma.R:34:3'): plotting the inverse gamma distribution works ── `c1` not equal to c("gg", "ggplot"). Lengths differ: 5 is not 2 ── Failure ('test_misc-invgamma.R:35:3'): plotting the inverse gamma distribution works ── `c2` not equal to c("gg", "ggplot"). Lengths differ: 5 is not 2 [ FAIL 2 | WARN 1 | SKIP 0 | PASS 446 ] Error: Test failures Execution halted Flavor: r-devel-linux-x86_64-debian-gcc

Version: 1.2.4
Check: tests
Result: ERROR Running 'testthat.R' [52s] Running the tests in 'tests/testthat.R' failed. Complete output: > # Short tests > # - focus on testing that everything runs > # - should take less than minute > library(testthat) > library(lgpr) Attached lgpr 1.2.4, using rstan 2.32.7. Type ?lgpr to get started. > > test_check("lgpr") [ FAIL 2 | WARN 1 | SKIP 0 | PASS 446 ] ══ Failed tests ════════════════════════════════════════════════════════════════ ── Failure ('test_misc-invgamma.R:34:3'): plotting the inverse gamma distribution works ── `c1` not equal to c("gg", "ggplot"). Lengths differ: 5 is not 2 ── Failure ('test_misc-invgamma.R:35:3'): plotting the inverse gamma distribution works ── `c2` not equal to c("gg", "ggplot"). Lengths differ: 5 is not 2 [ FAIL 2 | WARN 1 | SKIP 0 | PASS 446 ] Error: Test failures Execution halted Flavor: r-devel-windows-x86_64

Version: 1.2.4
Check: tests
Result: ERROR Running ‘testthat.R’ [58s/70s] Running the tests in ‘tests/testthat.R’ failed. Complete output: > # Short tests > # - focus on testing that everything runs > # - should take less than minute > library(testthat) > library(lgpr) Attached lgpr 1.2.4, using rstan 2.32.7. Type ?lgpr to get started. > > test_check("lgpr") [ FAIL 2 | WARN 1 | SKIP 0 | PASS 446 ] ══ Failed tests ════════════════════════════════════════════════════════════════ ── Failure ('test_misc-invgamma.R:34:3'): plotting the inverse gamma distribution works ── `c1` not equal to c("gg", "ggplot"). Lengths differ: 5 is not 2 ── Failure ('test_misc-invgamma.R:35:3'): plotting the inverse gamma distribution works ── `c2` not equal to c("gg", "ggplot"). Lengths differ: 5 is not 2 [ FAIL 2 | WARN 1 | SKIP 0 | PASS 446 ] Error: Test failures Execution halted Flavor: r-patched-linux-x86_64

Version: 1.2.4
Check: tests
Result: ERROR Running ‘testthat.R’ [58s/67s] Running the tests in ‘tests/testthat.R’ failed. Complete output: > # Short tests > # - focus on testing that everything runs > # - should take less than minute > library(testthat) > library(lgpr) Attached lgpr 1.2.4, using rstan 2.32.7. Type ?lgpr to get started. > > test_check("lgpr") [ FAIL 2 | WARN 1 | SKIP 0 | PASS 446 ] ══ Failed tests ════════════════════════════════════════════════════════════════ ── Failure ('test_misc-invgamma.R:34:3'): plotting the inverse gamma distribution works ── `c1` not equal to c("gg", "ggplot"). Lengths differ: 5 is not 2 ── Failure ('test_misc-invgamma.R:35:3'): plotting the inverse gamma distribution works ── `c2` not equal to c("gg", "ggplot"). Lengths differ: 5 is not 2 [ FAIL 2 | WARN 1 | SKIP 0 | PASS 446 ] Error: Test failures Execution halted Flavor: r-release-linux-x86_64

Version: 1.2.5
Check: installed package size
Result: NOTE installed size is 115.7Mb sub-directories of 1Mb or more: libs 114.4Mb Flavors: r-oldrel-macos-arm64, r-oldrel-macos-x86_64, r-oldrel-windows-x86_64

Version: 1.2.5
Check: for GNU extensions in Makefiles
Result: NOTE GNU make is a SystemRequirements. Flavors: r-oldrel-macos-arm64, r-oldrel-macos-x86_64, r-oldrel-windows-x86_64