Last updated on 2025-05-06 03:51:06 CEST.
Flavor | Version | Tinstall | Tcheck | Ttotal | Status | Flags |
---|---|---|---|---|---|---|
r-devel-linux-x86_64-debian-clang | 0.1.2 | 4.07 | 38.25 | 42.32 | NOTE | |
r-devel-linux-x86_64-debian-gcc | 0.1.2 | 2.74 | 28.84 | 31.58 | NOTE | |
r-devel-linux-x86_64-fedora-clang | 0.1.2 | 65.48 | OK | |||
r-devel-linux-x86_64-fedora-gcc | 0.1.2 | 77.25 | OK | |||
r-devel-windows-x86_64 | 0.1.2 | 5.00 | 60.00 | 65.00 | OK | |
r-patched-linux-x86_64 | 0.1.2 | 4.08 | 34.94 | 39.02 | OK | |
r-release-linux-x86_64 | 0.1.2 | 3.93 | 35.03 | 38.96 | OK | |
r-release-macos-arm64 | 0.1.2 | 31.00 | OK | |||
r-release-macos-x86_64 | 0.1.2 | 67.00 | OK | |||
r-release-windows-x86_64 | 0.1.2 | 6.00 | 58.00 | 64.00 | OK | |
r-oldrel-macos-arm64 | 0.1.2 | 30.00 | NOTE | |||
r-oldrel-macos-x86_64 | 0.1.2 | 42.00 | NOTE | |||
r-oldrel-windows-x86_64 | 0.1.2 | 7.00 | 65.00 | 72.00 | NOTE |
Version: 0.1.2
Check: CRAN incoming feasibility
Result: NOTE
Maintainer: ‘Vishesh Shrivastav <vishesh2k6@gmail.com>’
No Authors@R field in DESCRIPTION.
Please add one, modifying
Authors@R: person(given = "Vishesh",
family = "Shrivastav",
role = c("aut", "cre"),
email = "vishesh2k6@gmail.com")
as necessary.
Flavors: r-devel-linux-x86_64-debian-clang, r-devel-linux-x86_64-debian-gcc
Version: 0.1.2
Check: LazyData
Result: NOTE
'LazyData' is specified without a 'data' directory
Flavors: r-oldrel-macos-arm64, r-oldrel-macos-x86_64, r-oldrel-windows-x86_64