Last updated on 2025-10-31 02:50:35 CET.
| Flavor | Version | Tinstall | Tcheck | Ttotal | Status | Flags | 
|---|---|---|---|---|---|---|
| r-devel-linux-x86_64-debian-clang | 1.0 | 7.09 | 73.10 | 80.19 | NOTE | |
| r-devel-linux-x86_64-debian-gcc | 1.0 | 6.58 | 55.27 | 61.85 | NOTE | |
| r-devel-linux-x86_64-fedora-clang | 1.0 | 23.00 | 104.02 | 127.02 | NOTE | |
| r-devel-linux-x86_64-fedora-gcc | 1.0 | 15.00 | 101.52 | 116.52 | NOTE | |
| r-devel-windows-x86_64 | 1.0 | 11.00 | 88.00 | 99.00 | OK | |
| r-patched-linux-x86_64 | 1.0 | 6.91 | 71.04 | 77.95 | OK | |
| r-release-linux-x86_64 | 1.0 | 6.75 | 70.89 | 77.64 | OK | |
| r-release-macos-arm64 | 1.0 | 5.00 | 42.00 | 47.00 | OK | |
| r-release-macos-x86_64 | 1.0 | 8.00 | 67.00 | 75.00 | OK | |
| r-release-windows-x86_64 | 1.0 | 11.00 | 91.00 | 102.00 | OK | |
| r-oldrel-macos-arm64 | 1.0 | 4.00 | 36.00 | 40.00 | OK | |
| r-oldrel-macos-x86_64 | 1.0 | 7.00 | 69.00 | 76.00 | OK | |
| r-oldrel-windows-x86_64 | 1.0 | 12.00 | 103.00 | 115.00 | OK | 
Version: 1.0
Check: CRAN incoming feasibility
Result: NOTE
  Maintainer: ‘David Moriña Soler <david.morina@uab.cat>’
  
  No Authors@R field in DESCRIPTION.
  Please add one, modifying
    Authors@R: person(given = "David",
                      family = "Moriña",
                      role = c("aut", "cre"),
                      email = "david.morina@uab.cat",
                      comment = "ISGlobal, Centre for Research in Environmental Epidemiology")
  as necessary.
Flavors: r-devel-linux-x86_64-debian-clang, r-devel-linux-x86_64-debian-gcc
Version: 1.0
Check: compiled code
Result: NOTE
  File ‘linERR/libs/linERR.so’:
    Found no calls to: ‘R_registerRoutines’, ‘R_useDynamicSymbols’
  
  It is good practice to register native routines and to disable symbol
  search.
  
  See ‘Writing portable packages’ in the ‘Writing R Extensions’ manual.
Flavors: r-devel-linux-x86_64-fedora-clang, r-devel-linux-x86_64-fedora-gcc