Last updated on 2025-05-04 03:50:57 CEST.
Flavor | Version | Tinstall | Tcheck | Ttotal | Status | Flags |
---|---|---|---|---|---|---|
r-devel-linux-x86_64-debian-clang | 1.0-14 | 29.58 | 52.58 | 82.16 | NOTE | |
r-devel-linux-x86_64-debian-gcc | 1.0-14 | 22.36 | 39.61 | 61.97 | NOTE | |
r-devel-linux-x86_64-fedora-clang | 1.0-14 | 150.62 | OK | |||
r-devel-linux-x86_64-fedora-gcc | 1.0-14 | 157.18 | OK | |||
r-devel-windows-x86_64 | 1.0-14 | 37.00 | 111.00 | 148.00 | NOTE | |
r-patched-linux-x86_64 | 1.0-14 | 31.80 | 50.04 | 81.84 | NOTE | |
r-release-linux-x86_64 | NOTE | |||||
r-release-macos-arm64 | 1.0-14 | 53.00 | OK | |||
r-release-macos-x86_64 | 1.0-14 | 76.00 | OK | |||
r-release-windows-x86_64 | 1.0-14 | 36.00 | 93.00 | 129.00 | NOTE | |
r-oldrel-macos-arm64 | 1.0-14 | 45.00 | OK | |||
r-oldrel-macos-x86_64 | 1.0-14 | 57.00 | OK | |||
r-oldrel-windows-x86_64 | 1.0-14 | 43.00 | 115.00 | 158.00 | OK |
Version: 1.0-14
Check: CRAN incoming feasibility
Result: NOTE
Maintainer: ‘Alex T. Kalinka <alex.t.kalinka@gmail.com>’
No Authors@R field in DESCRIPTION.
Please add one, modifying
Authors@R: c(person(given = c("Alex", "T."),
family = "Kalinka",
role = c("aut", "cre"),
email = "alex.t.kalinka@gmail.com"),
person(given = c("with", "contributions", "from", "Alain"),
family = "Guenoche",
role = "aut"))
as necessary.
Package CITATION file contains call(s) to old-style personList() or
as.personList(). Please use c() on person objects instead.
Package CITATION file contains call(s) to old-style citEntry(). Please
use bibentry() instead.
Flavors: r-devel-linux-x86_64-debian-clang, r-devel-linux-x86_64-debian-gcc
Version: 1.0-14
Check: Rd cross-references
Result: NOTE
Found the following Rd file(s) with Rd \link{} targets missing package
anchors:
getLinkCommunities.Rd: igraph
getOCG.clusters.Rd: igraph
linkcomm-package.Rd: igraph, RColorBrewer
meta.communities.Rd: igraph
newLinkCommsAt.Rd: igraph
plotLinkCommGraph.Rd: igraph, igraph.plotting
plotOCGraph.Rd: igraph, igraph.plotting
read.OCG.Rd: igraph
Please provide package anchors for all Rd \link{} targets not in the
package itself and the base packages.
Flavors: r-devel-linux-x86_64-debian-clang, r-devel-linux-x86_64-debian-gcc, r-devel-windows-x86_64, r-patched-linux-x86_64, r-release-linux-x86_64, r-release-windows-x86_64