Last updated on 2025-05-06 03:51:06 CEST.
Flavor | Version | Tinstall | Tcheck | Ttotal | Status | Flags |
---|---|---|---|---|---|---|
r-devel-linux-x86_64-debian-clang | 0.1.1 | 53.91 | 30.09 | 84.00 | OK | |
r-devel-linux-x86_64-debian-gcc | 0.1.1 | 51.95 | 23.34 | 75.29 | WARN | |
r-devel-linux-x86_64-fedora-clang | 0.1.1 | 134.36 | OK | |||
r-devel-linux-x86_64-fedora-gcc | 0.1.1 | 197.31 | OK | |||
r-devel-windows-x86_64 | 0.1.1 | 63.00 | 68.00 | 131.00 | WARN | |
r-patched-linux-x86_64 | 0.1.1 | 69.39 | 27.30 | 96.69 | OK | |
r-release-linux-x86_64 | 0.1.1 | 68.56 | 27.24 | 95.80 | OK | |
r-release-macos-arm64 | 0.1.1 | 41.00 | OK | |||
r-release-macos-x86_64 | 0.1.1 | 77.00 | OK | |||
r-release-windows-x86_64 | 0.1.1 | 66.00 | 72.00 | 138.00 | OK | |
r-oldrel-macos-arm64 | 0.1.1 | 48.00 | NOTE | |||
r-oldrel-macos-x86_64 | 0.1.1 | 62.00 | NOTE | |||
r-oldrel-windows-x86_64 | 0.1.1 | 57.00 | 84.00 | 141.00 | OK |
Version: 0.1.1
Check: whether package can be installed
Result: WARN
Found the following significant warnings:
/usr/include/c++/14/bits/stl_algobase.h:452:30: warning: ‘void* __builtin_memmove(void*, const void*, long unsigned int)’ forming offset 8 is out of the bounds [0, 8] [-Warray-bounds=]
See ‘/home/hornik/tmp/R.check/r-devel-gcc/Work/PKGS/literanger.Rcheck/00install.out’ for details.
* used C++ compiler: ‘g++-14 (Debian 14.2.0-19) 14.2.0’
Flavor: r-devel-linux-x86_64-debian-gcc
Version: 0.1.1
Check: whether package can be installed
Result: WARN
Found the following significant warnings:
D:/rtools45/x86_64-w64-mingw32.static.posix/lib/gcc/x86_64-w64-mingw32.static.posix/14.2.0/include/c++/bits/stl_algobase.h:452:30: warning: 'void* __builtin_memmove(void*, const void*, long long unsigned int)' forming offset 8 is out of the bounds [0, 8] [-Warray-bounds=]
See 'd:/Rcompile/CRANpkg/local/4.6/literanger.Rcheck/00install.out' for details.
* used C++ compiler: 'g++.exe (GCC) 14.2.0'
Flavor: r-devel-windows-x86_64
Version: 0.1.1
Check: installed package size
Result: NOTE
installed size is 10.4Mb
sub-directories of 1Mb or more:
libs 10.3Mb
Flavors: r-oldrel-macos-arm64, r-oldrel-macos-x86_64