Last updated on 2025-10-31 02:50:35 CET.
| Flavor | Version | Tinstall | Tcheck | Ttotal | Status | Flags | 
|---|---|---|---|---|---|---|
| r-devel-linux-x86_64-debian-clang | 0.10.1 | 15.99 | 146.35 | 162.34 | NOTE | |
| r-devel-linux-x86_64-debian-gcc | 0.10.1 | 10.39 | 104.83 | 115.22 | NOTE | |
| r-devel-linux-x86_64-fedora-clang | 0.10.1 | 54.00 | 199.15 | 253.15 | OK | |
| r-devel-linux-x86_64-fedora-gcc | 0.10.1 | 31.00 | 203.76 | 234.76 | OK | |
| r-devel-windows-x86_64 | 0.10.1 | 17.00 | 146.00 | 163.00 | OK | |
| r-patched-linux-x86_64 | 0.10.1 | 16.84 | 139.73 | 156.57 | OK | |
| r-release-linux-x86_64 | 0.10.1 | 15.64 | 139.88 | 155.52 | OK | |
| r-release-macos-arm64 | 0.10.1 | 6.00 | 54.00 | 60.00 | OK | |
| r-release-macos-x86_64 | 0.10.1 | 13.00 | 102.00 | 115.00 | OK | |
| r-release-windows-x86_64 | 0.10.1 | 17.00 | 144.00 | 161.00 | OK | |
| r-oldrel-macos-arm64 | 0.10.1 | 6.00 | 58.00 | 64.00 | OK | |
| r-oldrel-macos-x86_64 | 0.10.1 | 10.00 | 93.00 | 103.00 | OK | |
| r-oldrel-windows-x86_64 | 0.10.1 | 23.00 | 187.00 | 210.00 | OK | 
Version: 0.10.1
Check: CRAN incoming feasibility
Result: NOTE
  Maintainer: ‘Lars Kotthoff <larsko@uwyo.edu>’
  
  No Authors@R field in DESCRIPTION.
  Please add one, modifying
    Authors@R: c(person(given = "Lars",
                        family = "Kotthoff",
                        role = c("aut", "cre"),
                        email = "larsko@uwyo.edu"),
                 person(given = "Bernd",
                        family = "Bischl",
                        role = "aut"),
                 person(given = "Barry",
                        family = "Hurley",
                        role = "ctb"),
                 person(given = "Talal",
                        family = "Rahwan",
                        role = "ctb"),
                 person(given = "Damir",
                        family = "Pulatov",
                        role = "ctb"))
  as necessary.
Flavors: r-devel-linux-x86_64-debian-clang, r-devel-linux-x86_64-debian-gcc