Last updated on 2025-05-04 03:50:57 CEST.
Flavor | Version | Tinstall | Tcheck | Ttotal | Status | Flags |
---|---|---|---|---|---|---|
r-devel-linux-x86_64-debian-clang | 0.1 | 1.61 | 19.29 | 20.90 | NOTE | |
r-devel-linux-x86_64-debian-gcc | 0.1 | 1.32 | 16.24 | 17.56 | NOTE | |
r-devel-linux-x86_64-fedora-clang | 0.1 | 31.66 | NOTE | |||
r-devel-linux-x86_64-fedora-gcc | 0.1 | 30.72 | NOTE | |||
r-devel-windows-x86_64 | 0.1 | 4.00 | 46.00 | 50.00 | NOTE | |
r-patched-linux-x86_64 | 0.1 | 1.72 | 18.42 | 20.14 | NOTE | |
r-release-linux-x86_64 | NOTE | |||||
r-release-macos-arm64 | 0.1 | 16.00 | NOTE | |||
r-release-macos-x86_64 | 0.1 | 25.00 | NOTE | |||
r-release-windows-x86_64 | 0.1 | 2.00 | 41.00 | 43.00 | NOTE | |
r-oldrel-macos-arm64 | 0.1 | 15.00 | NOTE | |||
r-oldrel-macos-x86_64 | 0.1 | 20.00 | NOTE | |||
r-oldrel-windows-x86_64 | 0.1 | 2.00 | 44.00 | 46.00 | NOTE |
Version: 0.1
Check: Rd files
Result: NOTE
checkRd: (-1) robfmtest.Rd:24: Lost braces; missing escapes or markup?
24 | an optional data frame containing the variables in the model. If not found in data, the variables are taken from \code{environment(formula)}, typically the environment from which {robfmtest} is called.
| ^
checkRd: (-1) robfmtest.Rd:37: Lost braces; missing escapes or markup?
37 | Since the classical tests including {resettest}, {raintest} and {harvtest} implemented in {lmtest} are not resistant to outliers and can become misleading even in the presence of one outlier, we provide a test which is resistant to outliers. The price to pay for robustness is a small loss of power, when the model holds exactly.
| ^
checkRd: (-1) robfmtest.Rd:37: Lost braces; missing escapes or markup?
37 | Since the classical tests including {resettest}, {raintest} and {harvtest} implemented in {lmtest} are not resistant to outliers and can become misleading even in the presence of one outlier, we provide a test which is resistant to outliers. The price to pay for robustness is a small loss of power, when the model holds exactly.
| ^
checkRd: (-1) robfmtest.Rd:37: Lost braces; missing escapes or markup?
37 | Since the classical tests including {resettest}, {raintest} and {harvtest} implemented in {lmtest} are not resistant to outliers and can become misleading even in the presence of one outlier, we provide a test which is resistant to outliers. The price to pay for robustness is a small loss of power, when the model holds exactly.
| ^
checkRd: (-1) robfmtest.Rd:37: Lost braces; missing escapes or markup?
37 | Since the classical tests including {resettest}, {raintest} and {harvtest} implemented in {lmtest} are not resistant to outliers and can become misleading even in the presence of one outlier, we provide a test which is resistant to outliers. The price to pay for robustness is a small loss of power, when the model holds exactly.
| ^
Flavors: r-devel-linux-x86_64-debian-clang, r-devel-linux-x86_64-debian-gcc, r-devel-linux-x86_64-fedora-clang, r-devel-linux-x86_64-fedora-gcc, r-devel-windows-x86_64, r-patched-linux-x86_64, r-release-linux-x86_64, r-release-macos-arm64, r-release-macos-x86_64, r-release-windows-x86_64, r-oldrel-macos-arm64, r-oldrel-macos-x86_64, r-oldrel-windows-x86_64