Last updated on 2025-05-07 03:51:04 CEST.
Flavor | Version | Tinstall | Tcheck | Ttotal | Status | Flags |
---|---|---|---|---|---|---|
r-devel-linux-x86_64-debian-clang | 0.1.1 | 12.43 | 98.30 | 110.73 | NOTE | |
r-devel-linux-x86_64-debian-gcc | 0.1.1 | 9.33 | 72.08 | 81.41 | NOTE | |
r-devel-linux-x86_64-fedora-clang | 0.1.1 | 186.97 | NOTE | |||
r-devel-linux-x86_64-fedora-gcc | 0.1.1 | 168.37 | NOTE | |||
r-devel-windows-x86_64 | 0.1.1 | 15.00 | 104.00 | 119.00 | OK | |
r-patched-linux-x86_64 | 0.1.1 | 12.62 | 95.83 | 108.45 | OK | |
r-release-linux-x86_64 | 0.1.1 | 12.14 | 97.00 | 109.14 | OK | |
r-release-macos-arm64 | 0.1.1 | 63.00 | OK | |||
r-release-macos-x86_64 | 0.1.1 | 125.00 | OK | |||
r-release-windows-x86_64 | 0.1.1 | 14.00 | 104.00 | 118.00 | OK | |
r-oldrel-macos-arm64 | 0.1.1 | 51.00 | OK | |||
r-oldrel-macos-x86_64 | 0.1.1 | 78.00 | OK | |||
r-oldrel-windows-x86_64 | 0.1.1 | 16.00 | 127.00 | 143.00 | OK |
Version: 0.1.1
Check: CRAN incoming feasibility
Result: NOTE
Maintainer: ‘Cécile Adam <cecile.adam@kuleuven.be>’
No Authors@R field in DESCRIPTION.
Please add one, modifying
Authors@R: person(given = "Cécile",
family = "Adam",
role = c("aut", "cre"),
email = "cecile.adam@kuleuven.be")
as necessary.
Flavors: r-devel-linux-x86_64-debian-clang, r-devel-linux-x86_64-debian-gcc
Version: 0.1.1
Check: dependencies in R code
Result: NOTE
Namespace in Imports field not imported from: ‘lestat’
All declared Imports should be used.
Flavors: r-devel-linux-x86_64-fedora-clang, r-devel-linux-x86_64-fedora-gcc