Last updated on 2025-05-04 03:50:57 CEST.
Flavor | Version | Tinstall | Tcheck | Ttotal | Status | Flags |
---|---|---|---|---|---|---|
r-devel-linux-x86_64-debian-clang | 1.0.6 | 8.66 | 67.98 | 76.64 | NOTE | |
r-devel-linux-x86_64-debian-gcc | 1.0.6 | 5.83 | 51.36 | 57.19 | NOTE | |
r-devel-linux-x86_64-fedora-clang | 1.0.6 | 117.09 | OK | |||
r-devel-linux-x86_64-fedora-gcc | 1.0.6 | 112.00 | OK | |||
r-devel-windows-x86_64 | 1.0.6 | 9.00 | 89.00 | 98.00 | OK | |
r-patched-linux-x86_64 | 1.0.6 | 8.46 | 64.61 | 73.07 | OK | |
r-release-linux-x86_64 | OK | |||||
r-release-macos-arm64 | 1.0.6 | 44.00 | OK | |||
r-release-macos-x86_64 | 1.0.6 | 103.00 | OK | |||
r-release-windows-x86_64 | 1.0.6 | 9.00 | 78.00 | 87.00 | OK | |
r-oldrel-macos-arm64 | 1.0.6 | 37.00 | OK | |||
r-oldrel-macos-x86_64 | 1.0.6 | 56.00 | OK | |||
r-oldrel-windows-x86_64 | 1.0.6 | 10.00 | 91.00 | 101.00 | OK |
Version: 1.0.6
Check: CRAN incoming feasibility
Result: NOTE
Maintainer: ‘Kaspar Rufibach <kaspar.rufibach@gmail.com>’
No Authors@R field in DESCRIPTION.
Please add one, modifying
Authors@R: c(person(given = "Kaspar",
family = "Rufibach",
role = c("aut", "cre"),
email = "kaspar.rufibach@gmail.com"),
person(given = "Fadoua",
family = "Balabdaoui",
role = "aut",
email = "fadoua@ceremade.dauphine.fr"),
person(given = "Hanna",
family = "Jankowski",
role = "aut",
email = "hkj@mathstat.yorku.ca"),
person(given = "Kathrin",
family = "Weyermann",
role = "aut",
email = "kathrin.weyermann@bkw-fmb.ch"))
as necessary.
Flavors: r-devel-linux-x86_64-debian-clang, r-devel-linux-x86_64-debian-gcc