Last updated on 2025-05-07 03:51:04 CEST.
Flavor | Version | Tinstall | Tcheck | Ttotal | Status | Flags |
---|---|---|---|---|---|---|
r-devel-linux-x86_64-debian-clang | 0.3 | 7.53 | 61.96 | 69.49 | NOTE | |
r-devel-linux-x86_64-debian-gcc | 0.3 | 4.91 | 45.50 | 50.41 | NOTE | |
r-devel-linux-x86_64-fedora-clang | 0.3 | 116.35 | OK | |||
r-devel-linux-x86_64-fedora-gcc | 0.3 | 118.21 | OK | |||
r-devel-windows-x86_64 | 0.3 | 9.00 | 95.00 | 104.00 | OK | |
r-patched-linux-x86_64 | 0.3 | 7.02 | 59.59 | 66.61 | OK | |
r-release-linux-x86_64 | 0.3 | 6.90 | 59.42 | 66.32 | OK | |
r-release-macos-arm64 | 0.3 | 69.00 | OK | |||
r-release-macos-x86_64 | 0.3 | 95.00 | OK | |||
r-release-windows-x86_64 | 0.3 | 9.00 | 96.00 | 105.00 | OK | |
r-oldrel-macos-arm64 | 0.3 | 52.00 | OK | |||
r-oldrel-macos-x86_64 | 0.3 | 75.00 | OK | |||
r-oldrel-windows-x86_64 | 0.3 | 11.00 | 118.00 | 129.00 | OK |
Version: 0.3
Check: CRAN incoming feasibility
Result: NOTE
Maintainer: ‘Sneha Tody <sn.tody1@gmail.com>’
No Authors@R field in DESCRIPTION.
Please add one, modifying
Authors@R: person(given = "Sneha",
family = "Tody",
role = c("aut", "cre"),
email = "sn.tody1@gmail.com")
as necessary.
Flavors: r-devel-linux-x86_64-debian-clang, r-devel-linux-x86_64-debian-gcc