Last updated on 2025-05-06 03:51:07 CEST.
Flavor | Version | Tinstall | Tcheck | Ttotal | Status | Flags |
---|---|---|---|---|---|---|
r-devel-linux-x86_64-debian-clang | 1.1-0 | 4.01 | 18.91 | 22.92 | NOTE | |
r-devel-linux-x86_64-debian-gcc | 1.1-0 | 2.93 | 15.41 | 18.34 | NOTE | |
r-devel-linux-x86_64-fedora-clang | 1.1-0 | 35.06 | OK | |||
r-devel-linux-x86_64-fedora-gcc | 1.1-0 | 34.57 | OK | |||
r-devel-windows-x86_64 | 1.1-0 | 8.00 | 40.00 | 48.00 | OK | |
r-patched-linux-x86_64 | 1.1-0 | 3.76 | 17.97 | 21.73 | OK | |
r-release-linux-x86_64 | 1.1-0 | 3.12 | 18.06 | 21.18 | OK | |
r-release-macos-arm64 | 1.1-0 | 18.00 | OK | |||
r-release-macos-x86_64 | 1.1-0 | 25.00 | OK | |||
r-release-windows-x86_64 | 1.1-0 | 9.00 | 49.00 | 58.00 | OK | |
r-oldrel-macos-arm64 | 1.1-0 | 16.00 | OK | |||
r-oldrel-macos-x86_64 | 1.1-0 | 22.00 | OK | |||
r-oldrel-windows-x86_64 | 1.1-0 | 6.00 | 40.00 | 46.00 | OK |
Version: 1.1-0
Check: CRAN incoming feasibility
Result: NOTE
Maintainer: ‘Martin Maechler <maechler@stat.math.ethz.ch>’
No Authors@R field in DESCRIPTION.
Please add one, modifying
Authors@R: c(person(given = c("Burkhardt", "Seifert;", "Packaged", "for", "R", "by", "Martin"),
family = "Maechler",
role = "aut",
email = "seifert@ifspm.unizh.ch",
comment = "S original"),
person(given = "Martin",
family = "Maechler",
role = "cre",
email = "maechler@stat.math.ethz.ch"))
as necessary.
Flavors: r-devel-linux-x86_64-debian-clang, r-devel-linux-x86_64-debian-gcc