Last updated on 2025-05-06 03:51:07 CEST.
Flavor | Version | Tinstall | Tcheck | Ttotal | Status | Flags |
---|---|---|---|---|---|---|
r-devel-linux-x86_64-debian-clang | 0.1 | 1.95 | 27.30 | 29.25 | NOTE | |
r-devel-linux-x86_64-debian-gcc | 0.1 | 1.62 | 21.83 | 23.45 | NOTE | |
r-devel-linux-x86_64-fedora-clang | 0.1 | 48.72 | NOTE | |||
r-devel-linux-x86_64-fedora-gcc | 0.1 | 50.20 | NOTE | |||
r-devel-windows-x86_64 | 0.1 | 3.00 | 60.00 | 63.00 | OK | |
r-patched-linux-x86_64 | 0.1 | 2.06 | 26.22 | 28.28 | OK | |
r-release-linux-x86_64 | 0.1 | 1.79 | 26.63 | 28.42 | OK | |
r-release-macos-arm64 | 0.1 | 24.00 | OK | |||
r-release-macos-x86_64 | 0.1 | 33.00 | OK | |||
r-release-windows-x86_64 | 0.1 | 3.00 | 52.00 | 55.00 | OK | |
r-oldrel-macos-arm64 | 0.1 | 20.00 | NOTE | |||
r-oldrel-macos-x86_64 | 0.1 | 27.00 | NOTE | |||
r-oldrel-windows-x86_64 | 0.1 | 4.00 | 59.00 | 63.00 | NOTE |
Version: 0.1
Check: CRAN incoming feasibility
Result: NOTE
Maintainer: ‘Guangwei Weng <wengx076@umn.edu>’
The Description field contains
matrix. See Doss and Weng (2018) <arXiv:1806.00731> for more detail.
Please refer to arXiv e-prints via their arXiv DOI <doi:10.48550/arXiv.YYMM.NNNNN>.
Flavors: r-devel-linux-x86_64-debian-clang, r-devel-linux-x86_64-debian-gcc
Version: 0.1
Check: dependencies in R code
Result: NOTE
Namespace in Imports field not imported from: ‘Matrix’
All declared Imports should be used.
Flavors: r-devel-linux-x86_64-fedora-clang, r-devel-linux-x86_64-fedora-gcc
Version: 0.1
Check: LazyData
Result: NOTE
'LazyData' is specified without a 'data' directory
Flavors: r-oldrel-macos-arm64, r-oldrel-macos-x86_64, r-oldrel-windows-x86_64