Last updated on 2025-07-25 03:51:28 CEST.
Flavor | Version | Tinstall | Tcheck | Ttotal | Status | Flags |
---|---|---|---|---|---|---|
r-devel-linux-x86_64-debian-clang | 0.2.1 | 1.86 | 38.59 | 40.45 | NOTE | |
r-devel-linux-x86_64-debian-gcc | 0.2.1 | 1.36 | 28.32 | 29.68 | NOTE | |
r-devel-linux-x86_64-fedora-clang | 0.2.1 | 61.62 | NOTE | |||
r-devel-linux-x86_64-fedora-gcc | 0.2.1 | 61.08 | NOTE | |||
r-devel-windows-x86_64 | 0.2.1 | 3.00 | 79.00 | 82.00 | OK | |
r-patched-linux-x86_64 | 0.2.1 | 1.98 | 35.17 | 37.15 | OK | |
r-release-linux-x86_64 | 0.2.1 | 1.71 | 35.61 | 37.32 | OK | |
r-release-macos-arm64 | 0.2.1 | 24.00 | OK | |||
r-release-macos-x86_64 | 0.2.1 | 40.00 | OK | |||
r-release-windows-x86_64 | 0.2.1 | 3.00 | 56.00 | 59.00 | OK | |
r-oldrel-macos-arm64 | 0.2.1 | 21.00 | OK | |||
r-oldrel-macos-x86_64 | 0.2.1 | 31.00 | OK | |||
r-oldrel-windows-x86_64 | 0.2.1 | 4.00 | 66.00 | 70.00 | OK |
Version: 0.2.1
Check: CRAN incoming feasibility
Result: NOTE
Maintainer: ‘Maninder Singh Dhillon <manidhillon1989@gmail.com>’
No Authors@R field in DESCRIPTION.
Please add one, modifying
Authors@R: c(person(given = c("Maninder", "Singh"),
family = "Dhillon",
role = c("aut", "cre"),
email = "manidhillon1989@gmail.com"),
person(given = "Thorsten",
family = "Dahms",
role = "ctb"),
person(given = "Leon",
family = "Nill",
role = "ctb"))
as necessary.
Flavors: r-devel-linux-x86_64-debian-clang, r-devel-linux-x86_64-debian-gcc
Version: 0.2.1
Check: dependencies in R code
Result: NOTE
Namespaces in Imports field not imported from:
‘ncdf4’ ‘raster’
All declared Imports should be used.
Flavors: r-devel-linux-x86_64-fedora-clang, r-devel-linux-x86_64-fedora-gcc