Last updated on 2025-10-31 02:50:36 CET.
| Flavor | Version | Tinstall | Tcheck | Ttotal | Status | Flags | 
|---|---|---|---|---|---|---|
| r-devel-linux-x86_64-debian-clang | 1.92 | 13.08 | 34.17 | 47.25 | NOTE | |
| r-devel-linux-x86_64-debian-gcc | 1.92 | 11.92 | 25.50 | 37.42 | NOTE | |
| r-devel-linux-x86_64-fedora-clang | 1.92 | 26.00 | 45.03 | 71.03 | OK | |
| r-devel-linux-x86_64-fedora-gcc | 1.92 | 39.00 | 39.26 | 78.26 | OK | |
| r-devel-windows-x86_64 | 1.92 | 22.00 | 75.00 | 97.00 | OK | |
| r-patched-linux-x86_64 | 1.92 | 17.17 | 32.38 | 49.55 | OK | |
| r-release-linux-x86_64 | 1.92 | 16.54 | 32.23 | 48.77 | OK | |
| r-release-macos-arm64 | 1.92 | 8.00 | 20.00 | 28.00 | OK | |
| r-release-macos-x86_64 | 1.92 | 10.00 | 33.00 | 43.00 | OK | |
| r-release-windows-x86_64 | 1.92 | 27.00 | 61.00 | 88.00 | OK | |
| r-oldrel-macos-arm64 | 1.92 | 7.00 | 19.00 | 26.00 | OK | |
| r-oldrel-macos-x86_64 | 1.92 | 7.00 | 31.00 | 38.00 | OK | |
| r-oldrel-windows-x86_64 | 1.92 | 24.00 | 73.00 | 97.00 | OK | 
Version: 1.92
Check: CRAN incoming feasibility
Result: NOTE
  Maintainer: ‘Kyu Ha Lee <klee15239@gmail.com>’
  
  No Authors@R field in DESCRIPTION.
  Please add one, modifying
    Authors@R: c(person(given = c("Kyu", "Ha"),
                        family = "Lee",
                        role = c("aut", "cre"),
                        email = "klee15239@gmail.com"),
                 person(given = c("Mahlet", "G."),
                        family = "Tadesse",
                        role = "aut"),
                 person(given = c("Brent", "A."),
                        family = "Coull",
                        role = "aut"),
                 person(given = c("Jacqueline", "R."),
                        family = "Starr",
                        role = "aut"))
  as necessary.
Flavors: r-devel-linux-x86_64-debian-clang, r-devel-linux-x86_64-debian-gcc