CRAN Package Check Results for Package mSTEM

Last updated on 2025-05-06 03:51:09 CEST.

Flavor Version Tinstall Tcheck Ttotal Status Flags
r-devel-linux-x86_64-debian-clang 1.0-1 3.09 26.00 29.09 NOTE
r-devel-linux-x86_64-debian-gcc 1.0-1 1.92 20.63 22.55 NOTE
r-devel-linux-x86_64-fedora-clang 1.0-1 45.20 OK
r-devel-linux-x86_64-fedora-gcc 1.0-1 44.17 OK
r-devel-windows-x86_64 1.0-1 4.00 49.00 53.00 OK
r-patched-linux-x86_64 1.0-1 2.65 25.03 27.68 OK
r-release-linux-x86_64 1.0-1 2.91 24.65 27.56 OK
r-release-macos-arm64 1.0-1 19.00 OK
r-release-macos-x86_64 1.0-1 30.00 OK
r-release-windows-x86_64 1.0-1 5.00 49.00 54.00 OK
r-oldrel-macos-arm64 1.0-1 18.00 NOTE
r-oldrel-macos-x86_64 1.0-1 26.00 NOTE
r-oldrel-windows-x86_64 1.0-1 5.00 53.00 58.00 NOTE

Check Details

Version: 1.0-1
Check: CRAN incoming feasibility
Result: NOTE Maintainer: ‘Zhibing He <zhibingh@asu.edu>’ No Authors@R field in DESCRIPTION. Please add one, modifying Authors@R: c(person(given = "Zhibing", family = "He", role = c("aut", "cre"), email = "zhibingh@asu.edu"), person(given = "Dan", family = "Cheng", role = "aut")) as necessary. The Description field contains Schwartzman (2015) <arXiv:1504.06384>. Please refer to arXiv e-prints via their arXiv DOI <doi:10.48550/arXiv.YYMM.NNNNN>. Flavors: r-devel-linux-x86_64-debian-clang, r-devel-linux-x86_64-debian-gcc

Version: 1.0-1
Check: LazyData
Result: NOTE 'LazyData' is specified without a 'data' directory Flavors: r-oldrel-macos-arm64, r-oldrel-macos-x86_64, r-oldrel-windows-x86_64