Last updated on 2025-05-06 03:51:09 CEST.
Flavor | Version | Tinstall | Tcheck | Ttotal | Status | Flags |
---|---|---|---|---|---|---|
r-devel-linux-x86_64-debian-clang | 3.4.0 | 4.54 | 31.72 | 36.26 | OK | |
r-devel-linux-x86_64-debian-gcc | 3.4.0 | 2.92 | 22.83 | 25.75 | OK | |
r-devel-linux-x86_64-fedora-clang | 3.4.0 | 56.95 | NOTE | |||
r-devel-linux-x86_64-fedora-gcc | 3.4.0 | 54.75 | NOTE | |||
r-devel-windows-x86_64 | 3.4.0 | 6.00 | 54.00 | 60.00 | OK | |
r-patched-linux-x86_64 | 3.4.0 | 4.41 | 29.35 | 33.76 | OK | |
r-release-linux-x86_64 | 3.4.0 | 3.91 | 29.82 | 33.73 | OK | |
r-release-macos-arm64 | 3.4.0 | 25.00 | OK | |||
r-release-macos-x86_64 | 3.4.0 | 36.00 | OK | |||
r-release-windows-x86_64 | 3.4.0 | 7.00 | 57.00 | 64.00 | OK | |
r-oldrel-macos-arm64 | 3.4.0 | 18.00 | NOTE | |||
r-oldrel-macos-x86_64 | 3.4.0 | 27.00 | NOTE | |||
r-oldrel-windows-x86_64 | 3.4.0 | 7.00 | 60.00 | 67.00 | NOTE |
Version: 3.4.0
Check: dependencies in R code
Result: NOTE
Namespace in Imports field not imported from: ‘utils’
All declared Imports should be used.
Flavors: r-devel-linux-x86_64-fedora-clang, r-devel-linux-x86_64-fedora-gcc
Version: 3.4.0
Check: LazyData
Result: NOTE
'LazyData' is specified without a 'data' directory
Flavors: r-oldrel-macos-arm64, r-oldrel-macos-x86_64, r-oldrel-windows-x86_64