Last updated on 2025-05-07 03:51:05 CEST.
Flavor | Version | Tinstall | Tcheck | Ttotal | Status | Flags |
---|---|---|---|---|---|---|
r-devel-linux-x86_64-debian-clang | 1.1.0 | 8.20 | 150.65 | 158.85 | NOTE | |
r-devel-linux-x86_64-debian-gcc | 1.1.0 | 6.93 | 103.75 | 110.68 | NOTE | |
r-devel-linux-x86_64-fedora-clang | 1.1.0 | 251.73 | NOTE | |||
r-devel-linux-x86_64-fedora-gcc | 1.1.0 | 275.51 | NOTE | |||
r-devel-windows-x86_64 | 1.1.0 | 11.00 | 163.00 | 174.00 | NOTE | |
r-patched-linux-x86_64 | 1.1.0 | 9.55 | 146.52 | 156.07 | NOTE | |
r-release-linux-x86_64 | 1.1.0 | 8.92 | 147.74 | 156.66 | NOTE | |
r-release-macos-arm64 | 1.1.0 | 99.00 | NOTE | |||
r-release-macos-x86_64 | 1.1.0 | 155.00 | NOTE | |||
r-release-windows-x86_64 | 1.1.0 | 13.00 | 163.00 | 176.00 | NOTE | |
r-oldrel-macos-arm64 | 1.1.0 | 71.00 | NOTE | |||
r-oldrel-macos-x86_64 | 1.1.0 | 113.00 | NOTE | |||
r-oldrel-windows-x86_64 | 1.1.0 | 16.00 | 205.00 | 221.00 | NOTE |
Version: 1.1.0
Check: Rd files
Result: NOTE
checkRd: (-1) examinee-class.Rd:61: Lost braces; missing escapes or markup?
61 | \item{\code{routing_based_on}}{a vector containing the routing was based on \code{estimated_theta_by_phase} or {estimated_theta_by_test} at each module position.}
| ^
Flavors: r-devel-linux-x86_64-debian-clang, r-devel-linux-x86_64-debian-gcc, r-devel-linux-x86_64-fedora-clang, r-devel-linux-x86_64-fedora-gcc, r-devel-windows-x86_64, r-patched-linux-x86_64, r-release-linux-x86_64, r-release-macos-arm64, r-release-macos-x86_64, r-release-windows-x86_64, r-oldrel-macos-arm64, r-oldrel-macos-x86_64, r-oldrel-windows-x86_64
Version: 1.1.0
Check: Rd cross-references
Result: NOTE
Found the following Rd file(s) with Rd \link{} targets missing package
anchors:
createModule.Rd: loadConstraints, loadItemPool, loadItemAttrib,
loadStAttrib
examinee-class.Rd: item_pool-class
excludeAdministeredItems.Rd: constraints-class
maat.Rd: config_Shadow-class
module-class.Rd: constraints-class
output_maat-class.Rd: config_Shadow-class
simTheta.Rd: mvrnorm
updateAssessmentLevelTheta.Rd: config_Shadow-class
updateGrade.Rd: item_pool-class
updateItemData.Rd: output_Shadow_all-class, item_pool-class
updateThetaUsingCombined.Rd: config_Shadow-class
Please provide package anchors for all Rd \link{} targets not in the
package itself and the base packages.
Flavors: r-devel-linux-x86_64-debian-clang, r-devel-linux-x86_64-debian-gcc, r-devel-windows-x86_64, r-patched-linux-x86_64, r-release-linux-x86_64, r-release-windows-x86_64