Last updated on 2025-05-04 03:50:58 CEST.
Flavor | Version | Tinstall | Tcheck | Ttotal | Status | Flags |
---|---|---|---|---|---|---|
r-devel-linux-x86_64-debian-clang | 2.0 | 8.89 | 73.23 | 82.12 | NOTE | |
r-devel-linux-x86_64-debian-gcc | 2.0 | 6.60 | 54.65 | 61.25 | NOTE | |
r-devel-linux-x86_64-fedora-clang | 2.0 | 127.83 | NOTE | |||
r-devel-linux-x86_64-fedora-gcc | 2.0 | 128.79 | NOTE | |||
r-devel-windows-x86_64 | 2.0 | 9.00 | 97.00 | 106.00 | NOTE | |
r-patched-linux-x86_64 | 2.0 | 7.73 | 70.49 | 78.22 | NOTE | |
r-release-linux-x86_64 | NOTE | |||||
r-release-macos-arm64 | 2.0 | 41.00 | NOTE | |||
r-release-macos-x86_64 | 2.0 | 79.00 | NOTE | |||
r-release-windows-x86_64 | 2.0 | 11.00 | 84.00 | 95.00 | NOTE | |
r-oldrel-macos-arm64 | 2.0 | 37.00 | NOTE | |||
r-oldrel-macos-x86_64 | 2.0 | 59.00 | NOTE | |||
r-oldrel-windows-x86_64 | 2.0 | 12.00 | 102.00 | 114.00 | NOTE |
Version: 2.0
Check: CRAN incoming feasibility
Result: NOTE
Maintainer: ‘Veronica Vinciotti <veronica.vinciotti@brunel.ac.uk>’
Found the following \keyword or \concept entries
which likely give several index terms:
File ‘manet.Rd’:
\keyword{actor-event,}
\keyword{models,}
File ‘mixtbern.Rd’:
\keyword{actor-event,}
\keyword{models,}
Flavors: r-devel-linux-x86_64-debian-clang, r-devel-linux-x86_64-debian-gcc
Version: 2.0
Check: Rd files
Result: NOTE
checkRd: (-1) manet.Rd:25: Lost braces in \itemize; \value handles \item{}{} directly
checkRd: (-1) manet.Rd:26: Lost braces in \itemize; \value handles \item{}{} directly
checkRd: (-1) manet.Rd:27: Lost braces in \itemize; \value handles \item{}{} directly
checkRd: (-1) manet.Rd:28: Lost braces in \itemize; \value handles \item{}{} directly
checkRd: (-1) manet.Rd:29: Lost braces in \itemize; \value handles \item{}{} directly
checkRd: (-1) manet.Rd:30: Lost braces in \itemize; \value handles \item{}{} directly
checkRd: (-1) mixtbern.Rd:23: Lost braces in \itemize; \value handles \item{}{} directly
checkRd: (-1) mixtbern.Rd:24: Lost braces in \itemize; \value handles \item{}{} directly
checkRd: (-1) mixtbern.Rd:25: Lost braces in \itemize; \value handles \item{}{} directly
checkRd: (-1) mixtbern.Rd:26: Lost braces in \itemize; \value handles \item{}{} directly
checkRd: (-1) mixtbern.Rd:27: Lost braces in \itemize; \value handles \item{}{} directly
Flavors: r-devel-linux-x86_64-debian-clang, r-devel-linux-x86_64-debian-gcc, r-devel-linux-x86_64-fedora-clang, r-devel-linux-x86_64-fedora-gcc, r-devel-windows-x86_64, r-patched-linux-x86_64, r-release-linux-x86_64, r-release-macos-arm64, r-release-macos-x86_64, r-release-windows-x86_64, r-oldrel-macos-arm64, r-oldrel-macos-x86_64, r-oldrel-windows-x86_64