Last updated on 2025-05-06 03:51:07 CEST.
Flavor | Version | Tinstall | Tcheck | Ttotal | Status | Flags |
---|---|---|---|---|---|---|
r-devel-linux-x86_64-debian-clang | 0.0-2 | 10.64 | 118.02 | 128.66 | NOTE | |
r-devel-linux-x86_64-debian-gcc | 0.0-2 | 7.56 | 83.43 | 90.99 | NOTE | |
r-devel-linux-x86_64-fedora-clang | 0.0-2 | 188.75 | NOTE | |||
r-devel-linux-x86_64-fedora-gcc | 0.0-2 | 216.68 | NOTE | |||
r-devel-windows-x86_64 | 0.0-2 | 11.00 | 124.00 | 135.00 | NOTE | |
r-patched-linux-x86_64 | 0.0-2 | 10.13 | 115.29 | 125.42 | NOTE | |
r-release-linux-x86_64 | 0.0-2 | 8.52 | 115.23 | 123.75 | NOTE | |
r-release-macos-arm64 | 0.0-2 | 79.00 | NOTE | |||
r-release-macos-x86_64 | 0.0-2 | 156.00 | NOTE | |||
r-release-windows-x86_64 | 0.0-2 | 11.00 | 125.00 | 136.00 | NOTE | |
r-oldrel-macos-arm64 | 0.0-2 | 59.00 | NOTE | |||
r-oldrel-macos-x86_64 | 0.0-2 | 136.00 | NOTE | |||
r-oldrel-windows-x86_64 | 0.0-2 | 14.00 | 158.00 | 172.00 | NOTE |
Version: 0.0-2
Check: CRAN incoming feasibility
Result: NOTE
Maintainer: ‘Eliezer Gurarie <egurarie@umd.edu>’
Found the following (possibly) invalid file URI:
URI: Eurodeer.org
From: man/Michela.Rd
Flavors: r-devel-linux-x86_64-debian-clang, r-devel-linux-x86_64-debian-gcc
Version: 0.0-2
Check: Rd files
Result: NOTE
checkRd: (-1) locate_shift.Rd:29: Lost braces
29 | \code{\link{quickfit}}, code{\link{locator}}
| ^
checkRd: (-1) marcher-package.Rd:14: Lost braces; missing escapes or markup?
14 | 1. \code{\link{estimate_shift}} {Estimate a range shift process.}
| ^
checkRd: (-1) marcher-package.Rd:16: Lost braces; missing escapes or markup?
16 | 2. \code{\link{simulate_shift}} {Simulate a range shift process.}
| ^
checkRd: (-1) marcher-package.Rd:18: Lost braces; missing escapes or markup?
18 | 3. \code{\link{plot.shiftfit}} {Visualize a range shift process.}
| ^
checkRd: (-1) marcher-package.Rd:20: Lost braces; missing escapes or markup?
20 | 4. \code{\link{test_rangeshift}} {Test whether a range shift occurred.}
| ^
checkRd: (-1) marcher-package.Rd:22: Lost braces; missing escapes or markup?
22 | 5. \code{\link{test_return}} {Test whether a migration was a return migration.}
| ^
checkRd: (-1) marcher-package.Rd:24: Lost braces; missing escapes or markup?
24 | 6. \code{\link{test_stopover}} {Test whether a stopover occurred during a migration.}
| ^
checkRd: (-1) quickfit.Rd:25: Lost braces in \itemize; \value handles \item{}{} directly
checkRd: (-1) quickfit.Rd:26: Lost braces in \itemize; \value handles \item{}{} directly
checkRd: (-1) test_rangeshift.Rd:25: Lost braces in \itemize; \value handles \item{}{} directly
checkRd: (-1) test_rangeshift.Rd:26: Lost braces in \itemize; \value handles \item{}{} directly
checkRd: (-1) test_rangeshift.Rd:27: Lost braces in \itemize; \value handles \item{}{} directly
checkRd: (-1) test_rangeshift.Rd:28: Lost braces in \itemize; \value handles \item{}{} directly
Flavors: r-devel-linux-x86_64-debian-clang, r-devel-linux-x86_64-debian-gcc, r-devel-linux-x86_64-fedora-clang, r-devel-linux-x86_64-fedora-gcc, r-devel-windows-x86_64, r-patched-linux-x86_64, r-release-linux-x86_64, r-release-macos-arm64, r-release-macos-x86_64, r-release-windows-x86_64, r-oldrel-macos-arm64, r-oldrel-macos-x86_64, r-oldrel-windows-x86_64