Last updated on 2025-05-06 03:51:07 CEST.
Flavor | Version | Tinstall | Tcheck | Ttotal | Status | Flags |
---|---|---|---|---|---|---|
r-devel-linux-x86_64-debian-clang | 1.0.0 | 77.43 | 80.47 | 157.90 | OK | |
r-devel-linux-x86_64-debian-gcc | 1.0.0 | 59.82 | 62.54 | 122.36 | OK | |
r-devel-linux-x86_64-fedora-clang | 1.0.0 | 241.51 | OK | |||
r-devel-linux-x86_64-fedora-gcc | 1.0.0 | 298.19 | OK | |||
r-devel-windows-x86_64 | 1.0.0 | 80.00 | 110.00 | 190.00 | OK | |
r-patched-linux-x86_64 | 1.0.0 | 75.43 | 82.91 | 158.34 | OK | |
r-release-linux-x86_64 | 1.0.0 | 75.84 | 81.77 | 157.61 | OK | |
r-release-macos-arm64 | 1.0.0 | 65.00 | OK | |||
r-release-macos-x86_64 | 1.0.0 | 133.00 | OK | |||
r-release-windows-x86_64 | 1.0.0 | 77.00 | 112.00 | 189.00 | OK | |
r-oldrel-macos-arm64 | 1.0.0 | 72.00 | NOTE | |||
r-oldrel-macos-x86_64 | 1.0.0 | 141.00 | NOTE | |||
r-oldrel-windows-x86_64 | 1.0.0 | 89.00 | 135.00 | 224.00 | OK |
Version: 1.0.0
Check: installed package size
Result: NOTE
installed size is 26.2Mb
sub-directories of 1Mb or more:
libs 26.1Mb
Flavors: r-oldrel-macos-arm64, r-oldrel-macos-x86_64